Last updated on 2025-05-01 15:49:39 CEST.
Flavor | Version | Tinstall | Tcheck | Ttotal | Status | Flags |
---|---|---|---|---|---|---|
r-devel-linux-x86_64-debian-clang | 1.0.3 | 13.92 | 109.10 | 123.02 | NOTE | |
r-devel-linux-x86_64-debian-gcc | 1.0.3 | 9.44 | 78.91 | 88.35 | NOTE | |
r-devel-linux-x86_64-fedora-clang | 1.0.3 | 178.47 | NOTE | |||
r-devel-linux-x86_64-fedora-gcc | 1.0.3 | 168.18 | NOTE | |||
r-devel-windows-x86_64 | 1.0.3 | 16.00 | 102.00 | 118.00 | NOTE | |
r-patched-linux-x86_64 | 1.0.3 | 13.45 | 100.07 | 113.52 | NOTE | |
r-release-linux-x86_64 | NOTE | |||||
r-release-macos-arm64 | 1.0.3 | 53.00 | NOTE | |||
r-release-macos-x86_64 | 1.0.3 | 92.00 | NOTE | |||
r-release-windows-x86_64 | 1.0.3 | 15.00 | 101.00 | 116.00 | NOTE | |
r-oldrel-macos-arm64 | 1.0.3 | 49.00 | NOTE | |||
r-oldrel-macos-x86_64 | 1.0.3 | 69.00 | NOTE | |||
r-oldrel-windows-x86_64 | 1.0.3 | 20.00 | 128.00 | 148.00 | NOTE |
Version: 1.0.3
Check: Rd files
Result: NOTE
checkRd: (-1) PhageCocktail.Rd:100-103: Lost braces
100 | "Result": {
| ^
checkRd: (-1) PhageCocktail.Rd:105-112: Lost braces
105 | "BacteriaLysed": {
| ^
Flavors: r-devel-linux-x86_64-debian-clang, r-devel-linux-x86_64-debian-gcc, r-devel-linux-x86_64-fedora-clang, r-devel-linux-x86_64-fedora-gcc, r-devel-windows-x86_64, r-patched-linux-x86_64, r-release-linux-x86_64, r-release-macos-arm64, r-release-macos-x86_64, r-release-windows-x86_64, r-oldrel-macos-arm64, r-oldrel-macos-x86_64, r-oldrel-windows-x86_64
These binaries (installable software) and packages are in development.
They may not be fully stable and should be used with caution. We make no claims about them.