Last updated on 2025-02-16 10:50:54 CET.
Flavor | Version | Tinstall | Tcheck | Ttotal | Status | Flags |
---|---|---|---|---|---|---|
r-devel-linux-x86_64-debian-clang | 1.2.1 | 8.39 | 239.43 | 247.82 | OK | |
r-devel-linux-x86_64-debian-gcc | 1.2.1 | 7.43 | 167.94 | 175.37 | OK | |
r-devel-linux-x86_64-fedora-clang | 1.2.1 | 426.38 | OK | |||
r-devel-linux-x86_64-fedora-gcc | 1.2.1 | 431.58 | OK | |||
r-devel-macos-arm64 | 1.2.1 | 147.00 | OK | |||
r-devel-macos-x86_64 | 1.2.1 | 297.00 | OK | |||
r-devel-windows-x86_64 | 1.2.1 | 9.00 | 253.00 | 262.00 | OK | |
r-patched-linux-x86_64 | 1.2.1 | 9.00 | 235.86 | 244.86 | OK | |
r-release-linux-x86_64 | 1.2.1 | 9.26 | 234.80 | 244.06 | OK | |
r-release-macos-arm64 | 1.2.1 | 146.00 | OK | |||
r-release-macos-x86_64 | 1.2.1 | 218.00 | NOTE | |||
r-release-windows-x86_64 | 1.2.1 | 11.00 | 251.00 | 262.00 | OK | |
r-oldrel-macos-arm64 | 1.2.1 | 164.00 | NOTE | |||
r-oldrel-macos-x86_64 | 1.2.1 | 271.00 | NOTE | |||
r-oldrel-windows-x86_64 | 1.2.1 | 14.00 | 327.00 | 341.00 | OK |
Version: 1.2.1
Check: installed package size
Result: NOTE
installed size is 5.4Mb
sub-directories of 1Mb or more:
data 3.4Mb
doc 1.9Mb
Flavors: r-release-macos-x86_64, r-oldrel-macos-arm64, r-oldrel-macos-x86_64
Version: 1.2.1
Check: package dependencies
Result: NOTE
Packages suggested but not available for checking:
'randomForestSRC', 'xgboost'
Flavor: r-oldrel-macos-x86_64
These binaries (installable software) and packages are in development.
They may not be fully stable and should be used with caution. We make no claims about them.