Last updated on 2025-11-11 17:50:09 CET.
| Flavor | Version | Tinstall | Tcheck | Ttotal | Status | Flags |
|---|---|---|---|---|---|---|
| r-devel-linux-x86_64-debian-clang | 0.2.0 | 5.69 | 582.46 | 588.15 | OK | |
| r-devel-linux-x86_64-debian-gcc | 0.2.0 | 3.70 | 429.05 | 432.75 | OK | |
| r-devel-linux-x86_64-fedora-clang | 0.2.0 | 27.00 | 885.48 | 912.48 | OK | |
| r-devel-linux-x86_64-fedora-gcc | 0.2.0 | 42.00 | 865.82 | 907.82 | OK | |
| r-devel-windows-x86_64 | 0.2.0 | 8.00 | 450.00 | 458.00 | OK | |
| r-patched-linux-x86_64 | 0.2.0 | 5.53 | 542.82 | 548.35 | OK | |
| r-release-linux-x86_64 | 0.2.0 | 5.33 | 551.67 | 557.00 | OK | |
| r-release-macos-arm64 | 0.2.0 | 2.00 | 355.00 | 357.00 | OK | |
| r-release-macos-x86_64 | 0.2.0 | 4.00 | 399.00 | 403.00 | OK | |
| r-release-windows-x86_64 | 0.2.0 | 8.00 | 445.00 | 453.00 | OK | |
| r-oldrel-macos-arm64 | 0.2.0 | 2.00 | 365.00 | 367.00 | NOTE | |
| r-oldrel-macos-x86_64 | 0.2.0 | 4.00 | 408.00 | 412.00 | NOTE | |
| r-oldrel-windows-x86_64 | 0.2.0 | 10.00 | 642.00 | 652.00 | NOTE |
Version: 0.2.0
Check: installed package size
Result: NOTE
installed size is 5.2Mb
sub-directories of 1Mb or more:
doc 4.4Mb
Flavors: r-oldrel-macos-arm64, r-oldrel-macos-x86_64, r-oldrel-windows-x86_64
These binaries (installable software) and packages are in development.
They may not be fully stable and should be used with caution. We make no claims about them.