Last updated on 2025-10-23 23:49:39 CEST.
| Flavor | Version | Tinstall | Tcheck | Ttotal | Status | Flags |
|---|---|---|---|---|---|---|
| r-devel-linux-x86_64-debian-clang | 1.0.1 | 4.85 | 38.41 | 43.26 | NOTE | |
| r-devel-linux-x86_64-debian-gcc | 1.0.1 | 2.93 | 27.50 | 30.43 | NOTE | |
| r-devel-linux-x86_64-fedora-clang | 1.0.1 | 63.25 | OK | |||
| r-devel-linux-x86_64-fedora-gcc | 1.0.1 | 60.38 | OK | |||
| r-devel-windows-x86_64 | 1.0.1 | 5.00 | 49.00 | 54.00 | OK | |
| r-patched-linux-x86_64 | 1.0.1 | 3.90 | 36.24 | 40.14 | OK | |
| r-release-linux-x86_64 | 1.0.1 | 4.42 | 36.27 | 40.69 | OK | |
| r-release-macos-arm64 | 1.0.1 | 2.00 | 22.00 | 24.00 | OK | |
| r-release-macos-x86_64 | 1.0.1 | 4.00 | 32.00 | 36.00 | OK | |
| r-release-windows-x86_64 | 1.0.1 | 4.00 | 52.00 | 56.00 | OK | |
| r-oldrel-macos-arm64 | 1.0.1 | 2.00 | 18.00 | 20.00 | OK | |
| r-oldrel-macos-x86_64 | 1.0.1 | 3.00 | 29.00 | 32.00 | OK | |
| r-oldrel-windows-x86_64 | 1.0.1 | 6.00 | 61.00 | 67.00 | OK |
Version: 1.0.1
Check: CRAN incoming feasibility
Result: NOTE
Maintainer: ‘Janez Komelj <jkomelj@siol.net>’
The Description field contains
<doi:10.4236/ajcm.2023.134026> (or reprint <arXiv:2312.00011> with
Please refer to arXiv e-prints via their arXiv DOI <doi:10.48550/arXiv.YYMM.NNNNN>.
Flavors: r-devel-linux-x86_64-debian-clang, r-devel-linux-x86_64-debian-gcc
These binaries (installable software) and packages are in development.
They may not be fully stable and should be used with caution. We make no claims about them.