Last updated on 2025-02-24 12:52:11 CET.
Flavor | Version | Tinstall | Tcheck | Ttotal | Status | Flags |
---|---|---|---|---|---|---|
r-devel-linux-x86_64-debian-clang | 1.0.4 | 20.96 | 21.93 | 42.89 | OK | |
r-devel-linux-x86_64-debian-gcc | 1.0.4 | 12.33 | 17.50 | 29.83 | OK | |
r-devel-linux-x86_64-fedora-clang | 1.0.4 | 87.98 | OK | |||
r-devel-linux-x86_64-fedora-gcc | 1.0.4 | 72.47 | OK | |||
r-devel-macos-arm64 | 1.0.4 | 23.00 | OK | |||
r-devel-macos-x86_64 | 1.0.4 | 37.00 | OK | |||
r-devel-windows-x86_64 | 1.0.4 | 21.00 | 62.00 | 83.00 | OK | |
r-patched-linux-x86_64 | 1.0.4 | 18.41 | 20.94 | 39.35 | NOTE | |
r-release-linux-x86_64 | 1.0.4 | 18.51 | 20.96 | 39.47 | NOTE | |
r-release-macos-arm64 | 1.0.4 | 25.00 | NOTE | |||
r-release-macos-x86_64 | 1.0.4 | 41.00 | NOTE | |||
r-release-windows-x86_64 | 1.0.4 | 23.00 | 63.00 | 86.00 | NOTE | |
r-oldrel-macos-arm64 | 1.0.4 | 28.00 | NOTE | |||
r-oldrel-macos-x86_64 | 1.0.4 | 41.00 | NOTE | |||
r-oldrel-windows-x86_64 | 1.0.4 | 28.00 | 70.00 | 98.00 | NOTE |
Version: 1.0.4
Check: LazyData
Result: NOTE
'LazyData' is specified without a 'data' directory
Flavors: r-patched-linux-x86_64, r-release-linux-x86_64, r-release-macos-arm64, r-release-macos-x86_64, r-release-windows-x86_64, r-oldrel-macos-arm64, r-oldrel-macos-x86_64, r-oldrel-windows-x86_64
These binaries (installable software) and packages are in development.
They may not be fully stable and should be used with caution. We make no claims about them.