CRAN Package Check Results for Package Planesmuestra

Last updated on 2025-11-11 15:50:42 CET.

Flavor Version Tinstall Tcheck Ttotal Status Flags
r-devel-linux-x86_64-debian-clang 0.1 2.06 22.46 24.52 NOTE
r-devel-linux-x86_64-debian-gcc 0.1 1.54 17.93 19.47 NOTE
r-devel-linux-x86_64-fedora-clang 0.1 36.30 OK
r-devel-linux-x86_64-fedora-gcc 0.1 33.99 OK
r-devel-windows-x86_64 0.1 3.00 43.00 46.00 OK
r-patched-linux-x86_64 0.1 2.03 21.34 23.37 OK
r-release-linux-x86_64 0.1 1.97 21.30 23.27 OK
r-release-macos-arm64 0.1 1.00 18.00 19.00 OK
r-release-macos-x86_64 0.1 2.00 22.00 24.00 OK
r-release-windows-x86_64 0.1 4.00 43.00 47.00 OK
r-oldrel-macos-arm64 0.1 1.00 21.00 22.00 OK
r-oldrel-macos-x86_64 0.1 2.00 19.00 21.00 OK
r-oldrel-windows-x86_64 0.1 3.00 43.00 46.00 OK

Check Details

Version: 0.1
Check: CRAN incoming feasibility
Result: NOTE Maintainer: ‘Erick Marroquin <ericksuhel@gmail.com>’ No Authors@R field in DESCRIPTION. Please add one, modifying Authors@R: person(given = "Erick", family = "Marroquin", role = c("aut", "cre"), email = "ericksuhel@gmail.com") as necessary. Flavors: r-devel-linux-x86_64-debian-clang, r-devel-linux-x86_64-debian-gcc

These binaries (installable software) and packages are in development.
They may not be fully stable and should be used with caution. We make no claims about them.