Last updated on 2025-02-16 10:50:54 CET.
Flavor | Version | Tinstall | Tcheck | Ttotal | Status | Flags |
---|---|---|---|---|---|---|
r-devel-linux-x86_64-debian-clang | 2.1.4 | 2.53 | 32.05 | 34.58 | NOTE | |
r-devel-linux-x86_64-debian-gcc | 2.1.4 | 1.79 | 24.86 | 26.65 | NOTE | |
r-devel-linux-x86_64-fedora-clang | 2.1.4 | 60.46 | NOTE | |||
r-devel-linux-x86_64-fedora-gcc | 2.1.4 | 67.99 | NOTE | |||
r-devel-macos-arm64 | 2.1.4 | 29.00 | NOTE | |||
r-devel-macos-x86_64 | 2.1.4 | 45.00 | NOTE | |||
r-devel-windows-x86_64 | 2.1.4 | 3.00 | 63.00 | 66.00 | NOTE | |
r-patched-linux-x86_64 | 2.1.4 | 2.77 | 30.89 | 33.66 | NOTE | |
r-release-linux-x86_64 | 2.1.4 | 2.30 | 30.68 | 32.98 | NOTE | |
r-release-macos-arm64 | 2.1.4 | 32.00 | NOTE | |||
r-release-macos-x86_64 | 2.1.4 | 38.00 | NOTE | |||
r-release-windows-x86_64 | 2.1.4 | 3.00 | 59.00 | 62.00 | NOTE | |
r-oldrel-macos-arm64 | 2.1.4 | 29.00 | OK | |||
r-oldrel-macos-x86_64 | 2.1.4 | 36.00 | OK | |||
r-oldrel-windows-x86_64 | 2.1.4 | 3.00 | 85.00 | 88.00 | OK |
Version: 2.1.4
Check: Rd files
Result: NOTE
checkRd: (-1) one_design.Rd:125-126: Lost braces
125 | function serves for the purpose of spot-testing for any pre-specified {n,
| ^
Flavors: r-devel-linux-x86_64-debian-clang, r-devel-linux-x86_64-debian-gcc, r-devel-linux-x86_64-fedora-clang, r-devel-linux-x86_64-fedora-gcc, r-devel-macos-arm64, r-devel-macos-x86_64, r-devel-windows-x86_64, r-patched-linux-x86_64, r-release-linux-x86_64, r-release-macos-arm64, r-release-macos-x86_64, r-release-windows-x86_64
These binaries (installable software) and packages are in development.
They may not be fully stable and should be used with caution. We make no claims about them.