Last updated on 2025-07-02 03:50:48 CEST.
Flavor | Version | Tinstall | Tcheck | Ttotal | Status | Flags |
---|---|---|---|---|---|---|
r-devel-linux-x86_64-debian-clang | 3.6.0 | 36.69 | 221.70 | 258.39 | NOTE | |
r-devel-linux-x86_64-debian-gcc | 3.6.0 | 24.01 | 147.36 | 171.37 | NOTE | |
r-devel-linux-x86_64-fedora-clang | 3.6.0 | 437.82 | NOTE | |||
r-devel-linux-x86_64-fedora-gcc | 3.6.0 | 423.86 | NOTE | |||
r-devel-windows-x86_64 | 3.6.0 | 37.00 | 236.00 | 273.00 | NOTE | |
r-patched-linux-x86_64 | NOTE | |||||
r-release-linux-x86_64 | 3.6.0 | 32.88 | 205.46 | 238.34 | NOTE | |
r-release-macos-arm64 | 3.6.0 | 112.00 | NOTE | |||
r-release-macos-x86_64 | 3.6.0 | 231.00 | NOTE | |||
r-release-windows-x86_64 | 3.6.0 | 36.00 | 234.00 | 270.00 | NOTE | |
r-oldrel-macos-arm64 | 3.6.0 | 106.00 | OK | |||
r-oldrel-macos-x86_64 | 3.6.0 | 221.00 | OK | |||
r-oldrel-windows-x86_64 | 3.6.0 | 50.00 | 305.00 | 355.00 | OK |
Version: 3.6.0
Check: DESCRIPTION meta-information
Result: NOTE
Missing dependency on R >= 4.1.0 because package code uses the pipe
|> or function shorthand \(...) syntax added in R 4.1.0.
File(s) using such syntax:
‘VDJ_build.R’
Flavors: r-devel-linux-x86_64-debian-clang, r-devel-linux-x86_64-debian-gcc, r-devel-linux-x86_64-fedora-clang, r-devel-linux-x86_64-fedora-gcc, r-devel-windows-x86_64, r-patched-linux-x86_64, r-release-linux-x86_64, r-release-macos-arm64, r-release-macos-x86_64, r-release-windows-x86_64
These binaries (installable software) and packages are in development.
They may not be fully stable and should be used with caution. We make no claims about them.