Last updated on 2025-02-02 14:48:31 CET.
Flavor | Version | Tinstall | Tcheck | Ttotal | Status | Flags |
---|---|---|---|---|---|---|
r-devel-linux-x86_64-debian-clang | 3.6.0 | 37.53 | 210.44 | 247.97 | NOTE | |
r-devel-linux-x86_64-debian-gcc | 3.6.0 | 24.18 | 136.30 | 160.48 | NOTE | |
r-devel-linux-x86_64-fedora-clang | 3.6.0 | 428.82 | NOTE | |||
r-devel-linux-x86_64-fedora-gcc | 3.6.0 | 413.32 | NOTE | |||
r-devel-windows-x86_64 | 3.6.0 | 34.00 | 228.00 | 262.00 | NOTE | |
r-patched-linux-x86_64 | 3.6.0 | 32.07 | 192.78 | 224.85 | OK | |
r-release-linux-x86_64 | 3.6.0 | 35.53 | 194.72 | 230.25 | OK | |
r-release-macos-arm64 | 3.6.0 | 106.00 | OK | |||
r-release-macos-x86_64 | 3.6.0 | 221.00 | OK | |||
r-release-windows-x86_64 | 3.6.0 | 35.00 | 226.00 | 261.00 | OK | |
r-oldrel-macos-arm64 | 3.6.0 | 111.00 | NOTE | |||
r-oldrel-macos-x86_64 | 3.6.0 | 206.00 | NOTE | |||
r-oldrel-windows-x86_64 | 3.6.0 | 46.00 | 287.00 | 333.00 | OK |
Version: 3.6.0
Check: DESCRIPTION meta-information
Result: NOTE
Missing dependency on R >= 4.1.0 because package code uses the pipe
|> or function shorthand \(...) syntax added in R 4.1.0.
File(s) using such syntax:
‘VDJ_build.R’
Flavors: r-devel-linux-x86_64-debian-clang, r-devel-linux-x86_64-debian-gcc, r-devel-linux-x86_64-fedora-clang, r-devel-linux-x86_64-fedora-gcc, r-devel-windows-x86_64
Version: 3.6.0
Check: package dependencies
Result: NOTE
Package suggested but not available for checking: ‘slingshot’
Flavors: r-oldrel-macos-arm64, r-oldrel-macos-x86_64
These binaries (installable software) and packages are in development.
They may not be fully stable and should be used with caution. We make no claims about them.