CRAN Package Check Results for Package PlayerRatings

Last updated on 2025-11-13 03:51:12 CET.

Flavor Version Tinstall Tcheck Ttotal Status Flags
r-devel-linux-x86_64-debian-clang 1.1-0 4.54 42.06 46.60 NOTE
r-devel-linux-x86_64-debian-gcc 1.1-0 3.32 30.46 33.78 NOTE
r-devel-linux-x86_64-fedora-clang 1.1-0 71.11 OK
r-devel-linux-x86_64-fedora-gcc 1.1-0 10.00 69.72 79.72 OK
r-devel-windows-x86_64 1.1-0 7.00 69.00 76.00 OK
r-patched-linux-x86_64 1.1-0 5.20 39.60 44.80 OK
r-release-linux-x86_64 1.1-0 4.61 39.14 43.75 OK
r-release-macos-arm64 1.1-0 4.00 29.00 33.00 OK
r-release-macos-x86_64 1.1-0 6.00 48.00 54.00 OK
r-release-windows-x86_64 1.1-0 9.00 68.00 77.00 OK
r-oldrel-macos-arm64 1.1-0 5.00 30.00 35.00 OK
r-oldrel-macos-x86_64 1.1-0 4.00 43.00 47.00 OK
r-oldrel-windows-x86_64 1.1-0 8.00 70.00 78.00 OK

Check Details

Version: 1.1-0
Check: CRAN incoming feasibility
Result: NOTE Maintainer: ‘Alec Stephenson <alec_stephenson@hotmail.com>’ No Authors@R field in DESCRIPTION. Please add one, modifying Authors@R: c(person(given = "Alec", family = "Stephenson", role = c("aut", "cre"), email = "alec_stephenson@hotmail.com"), person(given = "Jeff", family = "Sonas.", role = "aut")) as necessary. Flavors: r-devel-linux-x86_64-debian-clang, r-devel-linux-x86_64-debian-gcc

These binaries (installable software) and packages are in development.
They may not be fully stable and should be used with caution. We make no claims about them.