CRAN Package Check Results for Package PlotPrjNetworks

Last updated on 2025-05-08 04:52:14 CEST.

Flavor Version Tinstall Tcheck Ttotal Status Flags
r-devel-linux-x86_64-debian-clang 1.0.0 5.94 48.36 54.30 NOTE
r-devel-linux-x86_64-debian-gcc 1.0.0 4.10 34.10 38.20 NOTE
r-devel-linux-x86_64-fedora-clang 1.0.0 75.20 OK
r-devel-linux-x86_64-fedora-gcc 1.0.0 82.44 OK
r-devel-windows-x86_64 1.0.0 8.00 60.00 68.00 OK
r-patched-linux-x86_64 1.0.0 5.09 45.59 50.68 OK
r-release-linux-x86_64 1.0.0 4.71 45.69 50.40 OK
r-release-macos-arm64 1.0.0 27.00 OK
r-release-macos-x86_64 1.0.0 42.00 OK
r-release-windows-x86_64 1.0.0 7.00 61.00 68.00 OK
r-oldrel-macos-arm64 1.0.0 26.00 OK
r-oldrel-macos-x86_64 1.0.0 36.00 OK
r-oldrel-windows-x86_64 1.0.0 8.00 71.00 79.00 OK

Check Details

Version: 1.0.0
Check: CRAN incoming feasibility
Result: NOTE Maintainer: ‘Joaquin Bienvenido Ordieres Mere <j.ordieres@upm.es>’ No Authors@R field in DESCRIPTION. Please add one, modifying Authors@R: c(person(given = c("Javier", "Celigueta"), family = "Mu<b1>oz", role = "aut", email = "b1"), person(given = c("Joaquin", "Bienvenido", "Ordieres"), family = "Mere", role = "cre", email = "j.ordieres@upm.es")) as necessary. Flavors: r-devel-linux-x86_64-debian-clang, r-devel-linux-x86_64-debian-gcc

These binaries (installable software) and packages are in development.
They may not be fully stable and should be used with caution. We make no claims about them.