CRAN Package Check Results for Package PoSI

Last updated on 2025-05-01 14:49:18 CEST.

Flavor Version Tinstall Tcheck Ttotal Status Flags
r-devel-linux-x86_64-debian-clang 1.1 1.65 22.08 23.73 NOTE
r-devel-linux-x86_64-debian-gcc 1.1 1.33 16.72 18.05 OK
r-devel-linux-x86_64-fedora-clang 1.1 37.17 OK
r-devel-linux-x86_64-fedora-gcc 1.1 36.54 OK
r-devel-windows-x86_64 1.1 2.00 47.00 49.00 OK
r-patched-linux-x86_64 1.1 1.83 21.57 23.40 OK
r-release-linux-x86_64 OK
r-release-macos-arm64 1.1 18.00 OK
r-release-macos-x86_64 1.1 25.00 OK
r-release-windows-x86_64 1.1 4.00 50.00 54.00 OK
r-oldrel-macos-arm64 1.1 21.00 OK
r-oldrel-macos-x86_64 1.1 22.00 OK
r-oldrel-windows-x86_64 1.1 4.00 45.00 49.00 OK

Check Details

Version: 1.1
Check: examples
Result: NOTE Examples with CPU (user + system) or elapsed time > 5s user system elapsed PoSI-package 3.718 0.684 5.855 Flavor: r-devel-linux-x86_64-debian-clang

These binaries (installable software) and packages are in development.
They may not be fully stable and should be used with caution. We make no claims about them.