Last updated on 2025-11-13 07:51:01 CET.
| Flavor | Version | Tinstall | Tcheck | Ttotal | Status | Flags |
|---|---|---|---|---|---|---|
| r-devel-linux-x86_64-debian-clang | 1.7.1 | 36.18 | 57.42 | 93.60 | NOTE | |
| r-devel-linux-x86_64-debian-gcc | 1.7.1 | 24.06 | 42.34 | 66.40 | NOTE | |
| r-devel-linux-x86_64-fedora-clang | 1.7.1 | 68.00 | 79.27 | 147.27 | OK | |
| r-devel-linux-x86_64-fedora-gcc | 1.7.1 | 71.00 | 65.74 | 136.74 | OK | |
| r-devel-windows-x86_64 | 1.7.1 | 33.00 | 71.00 | 104.00 | OK | |
| r-patched-linux-x86_64 | 1.7.1 | 31.70 | 54.59 | 86.29 | OK | |
| r-release-linux-x86_64 | 1.7.1 | 32.79 | 54.70 | 87.49 | OK | |
| r-release-macos-arm64 | 1.7.1 | 21.00 | 25.00 | 46.00 | OK | |
| r-release-macos-x86_64 | 1.7.1 | 42.00 | 39.00 | 81.00 | OK | |
| r-release-windows-x86_64 | 1.7.1 | 36.00 | 68.00 | 104.00 | OK | |
| r-oldrel-macos-arm64 | 1.7.1 | 24.00 | 25.00 | 49.00 | OK | |
| r-oldrel-macos-x86_64 | 1.7.1 | 27.00 | 34.00 | 61.00 | OK | |
| r-oldrel-windows-x86_64 | 1.7.1 | 46.00 | 84.00 | 130.00 | OK |
Version: 1.7.1
Check: CRAN incoming feasibility
Result: NOTE
Maintainer: ‘Przemyslaw Biecek <przemyslaw.biecek@gmail.com>’
No Authors@R field in DESCRIPTION.
Please add one, modifying
Authors@R: person(given = "Przemyslaw",
family = "Biecek",
role = c("aut", "cre"),
email = "przemyslaw.biecek@gmail.com")
as necessary.
Flavors: r-devel-linux-x86_64-debian-clang, r-devel-linux-x86_64-debian-gcc
These binaries (installable software) and packages are in development.
They may not be fully stable and should be used with caution. We make no claims about them.