CRAN Package Check Results for Package PointedSDMs

Last updated on 2025-05-08 04:52:14 CEST.

Flavor Version Tinstall Tcheck Ttotal Status Flags
r-devel-linux-x86_64-debian-clang 2.1.3 47.05 370.38 417.43 OK
r-devel-linux-x86_64-debian-gcc 2.1.3 30.32 240.43 270.75 OK
r-devel-linux-x86_64-fedora-clang 2.1.3 670.61 OK
r-devel-linux-x86_64-fedora-gcc 2.1.3 667.40 OK
r-devel-windows-x86_64 2.1.3 42.00 309.00 351.00 OK
r-patched-linux-x86_64 2.1.3 46.89 344.17 391.06 OK
r-release-linux-x86_64 2.1.3 48.17 345.43 393.60 OK
r-release-macos-arm64 2.1.3 195.00 OK
r-release-macos-x86_64 2.1.3 309.00 OK
r-release-windows-x86_64 2.1.3 41.00 304.00 345.00 OK
r-oldrel-macos-arm64 2.1.3 154.00 NOTE
r-oldrel-macos-x86_64 2.1.3 305.00 NOTE
r-oldrel-windows-x86_64 2.1.3 61.00 426.00 487.00 OK

Check Details

Version: 2.1.3
Check: package dependencies
Result: NOTE Package suggested but not available for checking: ‘INLA’ Flavors: r-oldrel-macos-arm64, r-oldrel-macos-x86_64

Version: 2.1.3
Check: Rd cross-references
Result: NOTE Package unavailable to check Rd xrefs: ‘INLA’ Flavors: r-oldrel-macos-arm64, r-oldrel-macos-x86_64

These binaries (installable software) and packages are in development.
They may not be fully stable and should be used with caution. We make no claims about them.