Last updated on 2025-02-16 10:50:55 CET.
Flavor | Version | Tinstall | Tcheck | Ttotal | Status | Flags |
---|---|---|---|---|---|---|
r-devel-linux-x86_64-debian-clang | 2.1.3 | 46.57 | 364.01 | 410.58 | OK | |
r-devel-linux-x86_64-debian-gcc | 2.1.3 | 30.14 | 235.42 | 265.56 | OK | |
r-devel-linux-x86_64-fedora-clang | 2.1.3 | 732.67 | OK | |||
r-devel-linux-x86_64-fedora-gcc | 2.1.3 | 636.81 | OK | |||
r-devel-macos-arm64 | 2.1.3 | 154.00 | OK | |||
r-devel-macos-x86_64 | 2.1.3 | 356.00 | OK | |||
r-devel-windows-x86_64 | 2.1.3 | 41.00 | 302.00 | 343.00 | OK | |
r-patched-linux-x86_64 | 2.1.3 | 44.90 | 330.13 | 375.03 | NOTE | |
r-release-linux-x86_64 | 2.1.3 | 43.43 | 331.60 | 375.03 | NOTE | |
r-release-macos-arm64 | 2.1.3 | 154.00 | NOTE | |||
r-release-macos-x86_64 | 2.1.3 | 305.00 | NOTE | |||
r-release-windows-x86_64 | 2.1.3 | 41.00 | 296.00 | 337.00 | OK | |
r-oldrel-macos-arm64 | 2.1.3 | 157.00 | NOTE | |||
r-oldrel-macos-x86_64 | 2.1.3 | 347.00 | NOTE | |||
r-oldrel-windows-x86_64 | 2.1.3 | 54.00 | 386.00 | 440.00 | NOTE |
Version: 2.1.3
Check: package dependencies
Result: NOTE
Package suggested but not available for checking: ‘INLA’
Flavors: r-patched-linux-x86_64, r-release-linux-x86_64, r-release-macos-arm64, r-release-macos-x86_64, r-oldrel-macos-arm64, r-oldrel-macos-x86_64, r-oldrel-windows-x86_64
Version: 2.1.3
Check: Rd cross-references
Result: NOTE
Package unavailable to check Rd xrefs: ‘INLA’
Flavors: r-patched-linux-x86_64, r-release-linux-x86_64, r-release-macos-arm64, r-release-macos-x86_64, r-oldrel-macos-arm64, r-oldrel-macos-x86_64, r-oldrel-windows-x86_64
These binaries (installable software) and packages are in development.
They may not be fully stable and should be used with caution. We make no claims about them.