Last updated on 2025-05-01 21:53:13 CEST.
Flavor | Version | Tinstall | Tcheck | Ttotal | Status | Flags |
---|---|---|---|---|---|---|
r-devel-linux-x86_64-debian-clang | 1.6.3 | 8.21 | 57.56 | 65.77 | NOTE | |
r-devel-linux-x86_64-debian-gcc | 1.6.3 | 4.81 | 42.99 | 47.80 | NOTE | |
r-devel-linux-x86_64-fedora-clang | 1.6.3 | 98.73 | OK | |||
r-devel-linux-x86_64-fedora-gcc | 1.6.3 | 95.50 | OK | |||
r-devel-windows-x86_64 | 1.6.3 | 9.00 | 70.00 | 79.00 | OK | |
r-patched-linux-x86_64 | 1.6.3 | 8.77 | 54.99 | 63.76 | OK | |
r-release-linux-x86_64 | OK | |||||
r-release-macos-arm64 | 1.6.3 | 31.00 | OK | |||
r-release-macos-x86_64 | 1.6.3 | 61.00 | OK | |||
r-release-windows-x86_64 | 1.6.3 | 8.00 | 70.00 | 78.00 | OK | |
r-oldrel-macos-arm64 | 1.6.3 | 30.00 | OK | |||
r-oldrel-macos-x86_64 | 1.6.3 | 45.00 | OK | |||
r-oldrel-windows-x86_64 | 1.6.3 | 11.00 | 83.00 | 94.00 | OK |
Version: 1.6.3
Check: CRAN incoming feasibility
Result: NOTE
Maintainer: ‘Ran Gao <rgao8@uic.edu>’
No Authors@R field in DESCRIPTION.
Please add one, modifying
Authors@R: c(person(given = "Hakan",
family = "Demirtas",
role = "aut"),
person(given = "Yiran",
family = "Hu",
role = "aut"),
person(given = "Rawan",
family = "Allozi",
role = "aut"),
person(given = "Ran",
family = "Gao",
role = c("aut", "cre"),
email = "rgao8@uic.edu"))
as necessary.
Flavors: r-devel-linux-x86_64-debian-clang, r-devel-linux-x86_64-debian-gcc
These binaries (installable software) and packages are in development.
They may not be fully stable and should be used with caution. We make no claims about them.