Last updated on 2025-05-01 14:49:18 CEST.
Flavor | Version | Tinstall | Tcheck | Ttotal | Status | Flags |
---|---|---|---|---|---|---|
r-devel-linux-x86_64-debian-clang | 1.6.3 | 4.99 | 52.45 | 57.44 | NOTE | |
r-devel-linux-x86_64-debian-gcc | 1.6.3 | 4.44 | 39.11 | 43.55 | NOTE | |
r-devel-linux-x86_64-fedora-clang | 1.6.3 | 89.69 | OK | |||
r-devel-linux-x86_64-fedora-gcc | 1.6.3 | 85.88 | OK | |||
r-devel-windows-x86_64 | 1.6.3 | 8.00 | 68.00 | 76.00 | OK | |
r-patched-linux-x86_64 | 1.6.3 | 5.92 | 50.01 | 55.93 | OK | |
r-release-linux-x86_64 | OK | |||||
r-release-macos-arm64 | 1.6.3 | 32.00 | OK | |||
r-release-macos-x86_64 | 1.6.3 | 51.00 | OK | |||
r-release-windows-x86_64 | 1.6.3 | 7.00 | 74.00 | 81.00 | OK | |
r-oldrel-macos-arm64 | 1.6.3 | 28.00 | OK | |||
r-oldrel-macos-x86_64 | 1.6.3 | 42.00 | OK | |||
r-oldrel-windows-x86_64 | 1.6.3 | 9.00 | 79.00 | 88.00 | OK |
Version: 1.6.3
Check: CRAN incoming feasibility
Result: NOTE
Maintainer: ‘Ran Gao <rgao8@uic.edu>’
No Authors@R field in DESCRIPTION.
Please add one, modifying
Authors@R: c(person(given = "Hakan",
family = "Demirtas",
role = "aut"),
person(given = "Yaru",
family = "Shi",
role = "aut"),
person(given = "Rawan",
family = "Allozi",
role = "aut"),
person(given = "Ran",
family = "Gao",
role = c("aut", "cre"),
email = "rgao8@uic.edu"))
as necessary.
Flavors: r-devel-linux-x86_64-debian-clang, r-devel-linux-x86_64-debian-gcc
These binaries (installable software) and packages are in development.
They may not be fully stable and should be used with caution. We make no claims about them.