CRAN Package Check Results for Package PolicyPortfolios

Last updated on 2025-05-21 23:48:51 CEST.

Flavor Version Tinstall Tcheck Ttotal Status Flags
r-devel-linux-x86_64-debian-clang 0.3 12.21 104.41 116.62 NOTE
r-devel-linux-x86_64-debian-gcc 0.3 8.45 75.42 83.87 NOTE
r-devel-linux-x86_64-fedora-clang 0.3 182.06 OK
r-devel-linux-x86_64-fedora-gcc 0.3 182.02 OK
r-devel-windows-x86_64 0.3 12.00 110.00 122.00 NOTE
r-patched-linux-x86_64 0.3 10.85 99.80 110.65 NOTE
r-release-linux-x86_64 0.3 10.21 99.21 109.42 NOTE
r-release-macos-arm64 0.3 53.00 OK
r-release-macos-x86_64 0.3 100.00 OK
r-release-windows-x86_64 0.3 13.00 110.00 123.00 NOTE
r-oldrel-macos-arm64 0.3 51.00 OK
r-oldrel-macos-x86_64 0.3 84.00 OK
r-oldrel-windows-x86_64 0.3 16.00 140.00 156.00 OK

Check Details

Version: 0.3
Check: Rd cross-references
Result: NOTE Found the following Rd file(s) with Rd \link{} targets missing package anchors: pp_measures.Rd: diversity Please provide package anchors for all Rd \link{} targets not in the package itself and the base packages. Flavors: r-devel-linux-x86_64-debian-clang, r-devel-linux-x86_64-debian-gcc, r-devel-windows-x86_64, r-patched-linux-x86_64, r-release-linux-x86_64, r-release-windows-x86_64

These binaries (installable software) and packages are in development.
They may not be fully stable and should be used with caution. We make no claims about them.