CRAN Package Check Results for Package PolicyPortfolios

Last updated on 2025-02-16 10:50:55 CET.

Flavor Version Tinstall Tcheck Ttotal Status Flags
r-devel-linux-x86_64-debian-clang 0.3 10.70 100.00 110.70 NOTE
r-devel-linux-x86_64-debian-gcc 0.3 7.40 70.29 77.69 NOTE
r-devel-linux-x86_64-fedora-clang 0.3 187.08 OK
r-devel-linux-x86_64-fedora-gcc 0.3 172.99 OK
r-devel-macos-arm64 0.3 55.00 OK
r-devel-macos-x86_64 0.3 107.00 OK
r-devel-windows-x86_64 0.3 12.00 106.00 118.00 NOTE
r-patched-linux-x86_64 0.3 14.97 92.23 107.20 OK
r-release-linux-x86_64 0.3 9.36 91.18 100.54 OK
r-release-macos-arm64 0.3 51.00 OK
r-release-macos-x86_64 0.3 84.00 OK
r-release-windows-x86_64 0.3 11.00 104.00 115.00 OK
r-oldrel-macos-arm64 0.3 56.00 OK
r-oldrel-macos-x86_64 0.3 92.00 OK
r-oldrel-windows-x86_64 0.3 15.00 124.00 139.00 OK

Check Details

Version: 0.3
Check: Rd cross-references
Result: NOTE Found the following Rd file(s) with Rd \link{} targets missing package anchors: pp_measures.Rd: diversity Please provide package anchors for all Rd \link{} targets not in the package itself and the base packages. Flavors: r-devel-linux-x86_64-debian-clang, r-devel-linux-x86_64-debian-gcc, r-devel-windows-x86_64

These binaries (installable software) and packages are in development.
They may not be fully stable and should be used with caution. We make no claims about them.