Last updated on 2025-10-03 05:53:45 CEST.
Flavor | Version | Tinstall | Tcheck | Ttotal | Status | Flags |
---|---|---|---|---|---|---|
r-devel-linux-x86_64-debian-clang | 0.3 | 12.41 | 118.12 | 130.53 | NOTE | |
r-devel-linux-x86_64-debian-gcc | 0.3 | 8.60 | 85.86 | 94.46 | NOTE | |
r-devel-linux-x86_64-fedora-clang | 0.3 | 212.05 | OK | |||
r-devel-linux-x86_64-fedora-gcc | 0.3 | 206.28 | OK | |||
r-devel-windows-x86_64 | 0.3 | 14.00 | 115.00 | 129.00 | NOTE | |
r-patched-linux-x86_64 | 0.3 | 12.37 | 112.25 | 124.62 | NOTE | |
r-release-linux-x86_64 | 0.3 | 10.55 | 113.62 | 124.17 | NOTE | |
r-release-macos-arm64 | 0.3 | 53.00 | OK | |||
r-release-macos-x86_64 | 0.3 | 100.00 | OK | |||
r-release-windows-x86_64 | 0.3 | 14.00 | 116.00 | 130.00 | NOTE | |
r-oldrel-macos-arm64 | 0.3 | 51.00 | OK | |||
r-oldrel-macos-x86_64 | 0.3 | 84.00 | OK | |||
r-oldrel-windows-x86_64 | 0.3 | 19.00 | 146.00 | 165.00 | OK |
Version: 0.3
Check: Rd cross-references
Result: NOTE
Found the following Rd file(s) with Rd \link{} targets missing package
anchors:
pp_measures.Rd: diversity
Please provide package anchors for all Rd \link{} targets not in the
package itself and the base packages.
Flavors: r-devel-linux-x86_64-debian-clang, r-devel-linux-x86_64-debian-gcc, r-devel-windows-x86_64, r-patched-linux-x86_64, r-release-linux-x86_64, r-release-windows-x86_64
These binaries (installable software) and packages are in development.
They may not be fully stable and should be used with caution. We make no claims about them.