CRAN Package Check Results for Package PolynomF

Last updated on 2025-05-01 08:52:41 CEST.

Flavor Version Tinstall Tcheck Ttotal Status Flags
r-devel-linux-x86_64-debian-clang 2.0-8 10.12 38.19 48.31 NOTE
r-devel-linux-x86_64-debian-gcc 2.0-8 8.14 29.57 37.71 NOTE
r-devel-linux-x86_64-fedora-clang 2.0-8 80.28 OK
r-devel-linux-x86_64-fedora-gcc 2.0-8 88.70 OK
r-devel-windows-x86_64 2.0-8 15.00 71.00 86.00 OK
r-patched-linux-x86_64 2.0-8 10.21 37.11 47.32 OK
r-release-linux-x86_64 OK
r-release-macos-arm64 2.0-8 34.00 OK
r-release-macos-x86_64 2.0-8 57.00 OK
r-release-windows-x86_64 2.0-8 14.00 70.00 84.00 OK
r-oldrel-macos-arm64 2.0-8 55.00 OK
r-oldrel-macos-x86_64 2.0-8 55.00 OK
r-oldrel-windows-x86_64 2.0-8 17.00 82.00 99.00 OK

Check Details

Version: 2.0-8
Check: CRAN incoming feasibility
Result: NOTE Maintainer: ‘Bill Venables <Bill.Venables@gmail.com>’ No Authors@R field in DESCRIPTION. Please add one, modifying Authors@R: c(person(given = "Bill", family = "Venables", role = c("aut", "cre"), email = "bill.venables@gmail.com"), person(given = c("with", "contribution", "by", "Kurt"), family = "Hornik", role = "aut"), person(given = "Georgi", family = "Boshnakov", role = "aut"), person(given = "Brian", family = "Ripley.", role = "aut")) as necessary. Flavors: r-devel-linux-x86_64-debian-clang, r-devel-linux-x86_64-debian-gcc

These binaries (installable software) and packages are in development.
They may not be fully stable and should be used with caution. We make no claims about them.