CRAN Package Check Results for Package PolynomF

Last updated on 2025-07-26 01:50:59 CEST.

Flavor Version Tinstall Tcheck Ttotal Status Flags
r-devel-linux-x86_64-debian-clang 2.0-8 10.22 38.88 49.10 NOTE
r-devel-linux-x86_64-debian-gcc 2.0-8 8.09 30.50 38.59 NOTE
r-devel-linux-x86_64-fedora-clang 2.0-8 80.61 OK
r-devel-linux-x86_64-fedora-gcc 2.0-8 88.27 OK
r-devel-windows-x86_64 2.0-8 15.00 73.00 88.00 OK
r-patched-linux-x86_64 2.0-8 10.49 37.14 47.63 OK
r-release-linux-x86_64 2.0-8 10.50 36.86 47.36 OK
r-release-macos-arm64 2.0-8 34.00 OK
r-release-macos-x86_64 2.0-8 57.00 OK
r-release-windows-x86_64 2.0-8 15.00 75.00 90.00 OK
r-oldrel-macos-arm64 2.0-8 55.00 OK
r-oldrel-macos-x86_64 2.0-8 55.00 OK
r-oldrel-windows-x86_64 2.0-8 17.00 88.00 105.00 OK

Check Details

Version: 2.0-8
Check: CRAN incoming feasibility
Result: NOTE Maintainer: ‘Bill Venables <Bill.Venables@gmail.com>’ No Authors@R field in DESCRIPTION. Please add one, modifying Authors@R: c(person(given = "Bill", family = "Venables", role = c("aut", "cre"), email = "bill.venables@gmail.com"), person(given = c("with", "contribution", "by", "Kurt"), family = "Hornik", role = "aut"), person(given = "Georgi", family = "Boshnakov", role = "aut"), person(given = "Brian", family = "Ripley.", role = "aut")) as necessary. Flavors: r-devel-linux-x86_64-debian-clang, r-devel-linux-x86_64-debian-gcc

These binaries (installable software) and packages are in development.
They may not be fully stable and should be used with caution. We make no claims about them.