Last updated on 2025-02-16 10:50:55 CET.
Flavor | Version | Tinstall | Tcheck | Ttotal | Status | Flags |
---|---|---|---|---|---|---|
r-devel-linux-x86_64-debian-clang | 0.2.0 | 306.13 | 135.32 | 441.45 | NOTE | |
r-devel-linux-x86_64-debian-gcc | 0.2.0 | 285.75 | 121.97 | 407.72 | NOTE | |
r-devel-linux-x86_64-fedora-clang | 0.2.0 | 773.66 | NOTE | |||
r-devel-linux-x86_64-fedora-gcc | 0.2.0 | 1005.30 | NOTE | |||
r-devel-macos-arm64 | 0.2.0 | 172.00 | OK | |||
r-devel-macos-x86_64 | 0.2.0 | 223.00 | NOTE | |||
r-devel-windows-x86_64 | 0.2.0 | 313.00 | 178.00 | 491.00 | NOTE | |
r-patched-linux-x86_64 | 0.2.0 | 354.66 | 160.52 | 515.18 | NOTE | |
r-release-linux-x86_64 | 0.2.0 | 357.74 | 159.28 | 517.02 | NOTE | |
r-release-macos-arm64 | 0.2.0 | 102.00 | NOTE | |||
r-release-macos-x86_64 | 0.2.0 | 120.00 | NOTE | |||
r-release-windows-x86_64 | 0.2.0 | 313.00 | 190.00 | 503.00 | NOTE | |
r-oldrel-macos-arm64 | 0.2.0 | 195.00 | NOTE | |||
r-oldrel-macos-x86_64 | 0.2.0 | 239.00 | NOTE | |||
r-oldrel-windows-x86_64 | 0.2.0 | 418.00 | 223.00 | 641.00 | NOTE |
Version: 0.2.0
Check: DESCRIPTION meta-information
Result: NOTE
Missing dependency on R >= 4.1.0 because package code uses the pipe
|> or function shorthand \(...) syntax added in R 4.1.0.
File(s) using such syntax:
‘getPrevalence.R’
Flavors: r-devel-linux-x86_64-debian-clang, r-devel-linux-x86_64-debian-gcc, r-devel-linux-x86_64-fedora-clang, r-devel-linux-x86_64-fedora-gcc, r-devel-macos-x86_64, r-devel-windows-x86_64
Version: 0.2.0
Check: dependencies in R code
Result: NOTE
Namespaces in Imports field not imported from:
‘RcppParallel’ ‘rstantools’
All declared Imports should be used.
Flavors: r-devel-linux-x86_64-fedora-clang, r-devel-linux-x86_64-fedora-gcc
Version: 0.2.0
Check: for GNU extensions in Makefiles
Result: NOTE
GNU make is a SystemRequirements.
Flavors: r-patched-linux-x86_64, r-release-linux-x86_64, r-release-macos-arm64, r-release-macos-x86_64, r-release-windows-x86_64, r-oldrel-macos-arm64, r-oldrel-macos-x86_64, r-oldrel-windows-x86_64
Version: 0.2.0
Check: installed package size
Result: NOTE
installed size is 63.0Mb
sub-directories of 1Mb or more:
libs 62.6Mb
Flavors: r-release-macos-arm64, r-release-macos-x86_64, r-oldrel-macos-arm64, r-oldrel-macos-x86_64
These binaries (installable software) and packages are in development.
They may not be fully stable and should be used with caution. We make no claims about them.