Last updated on 2025-05-01 08:52:41 CEST.
Flavor | Version | Tinstall | Tcheck | Ttotal | Status | Flags |
---|---|---|---|---|---|---|
r-devel-linux-x86_64-debian-clang | 0.2.0 | 305.20 | 144.14 | 449.34 | NOTE | |
r-devel-linux-x86_64-debian-gcc | 0.2.0 | 284.52 | 120.46 | 404.98 | NOTE | |
r-devel-linux-x86_64-fedora-clang | 0.2.0 | 702.17 | NOTE | |||
r-devel-linux-x86_64-fedora-gcc | 0.2.0 | 944.94 | NOTE | |||
r-devel-windows-x86_64 | 0.2.0 | 345.00 | 183.00 | 528.00 | NOTE | |
r-patched-linux-x86_64 | 0.2.0 | 362.87 | 166.71 | 529.58 | NOTE | |
r-release-linux-x86_64 | NOTE | |||||
r-release-macos-arm64 | 0.2.0 | 168.00 | NOTE | |||
r-release-macos-x86_64 | 0.2.0 | 223.00 | NOTE | |||
r-release-windows-x86_64 | 0.2.0 | 359.00 | 188.00 | 547.00 | NOTE | |
r-oldrel-macos-arm64 | 0.2.0 | 102.00 | NOTE | |||
r-oldrel-macos-x86_64 | 0.2.0 | 120.00 | NOTE | |||
r-oldrel-windows-x86_64 | 0.2.0 | 391.00 | 234.00 | 625.00 | NOTE |
Version: 0.2.0
Check: DESCRIPTION meta-information
Result: NOTE
Missing dependency on R >= 4.1.0 because package code uses the pipe
|> or function shorthand \(...) syntax added in R 4.1.0.
File(s) using such syntax:
‘getPrevalence.R’
Flavors: r-devel-linux-x86_64-debian-clang, r-devel-linux-x86_64-debian-gcc, r-devel-linux-x86_64-fedora-clang, r-devel-linux-x86_64-fedora-gcc, r-devel-windows-x86_64, r-patched-linux-x86_64, r-release-linux-x86_64, r-release-macos-arm64, r-release-macos-x86_64, r-release-windows-x86_64
Version: 0.2.0
Check: examples
Result: NOTE
Examples with CPU (user + system) or elapsed time > 5s
user system elapsed
PoolLink 5.779 0.245 6.866
Flavor: r-devel-linux-x86_64-debian-clang
Version: 0.2.0
Check: dependencies in R code
Result: NOTE
Namespaces in Imports field not imported from:
‘RcppParallel’ ‘rstantools’
All declared Imports should be used.
Flavors: r-devel-linux-x86_64-fedora-clang, r-devel-linux-x86_64-fedora-gcc
Version: 0.2.0
Check: installed package size
Result: NOTE
installed size is 63.0Mb
sub-directories of 1Mb or more:
libs 62.6Mb
Flavors: r-oldrel-macos-arm64, r-oldrel-macos-x86_64
Version: 0.2.0
Check: for GNU extensions in Makefiles
Result: NOTE
GNU make is a SystemRequirements.
Flavors: r-oldrel-macos-arm64, r-oldrel-macos-x86_64, r-oldrel-windows-x86_64
These binaries (installable software) and packages are in development.
They may not be fully stable and should be used with caution. We make no claims about them.