Last updated on 2024-07-27 15:50:29 CEST.
Flavor | Version | Tinstall | Tcheck | Ttotal | Status | Flags |
---|---|---|---|---|---|---|
r-devel-linux-x86_64-debian-clang | 0.6.0 | 27.08 | 499.13 | 526.21 | OK | |
r-devel-linux-x86_64-debian-gcc | 0.6.0 | NOTE | ||||
r-devel-linux-x86_64-fedora-clang | 0.6.0 | 669.45 | OK | |||
r-devel-linux-x86_64-fedora-gcc | 0.6.0 | 631.59 | OK | |||
r-devel-windows-x86_64 | 0.6.0 | 26.00 | 336.00 | 362.00 | NOTE | |
r-patched-linux-x86_64 | 0.6.0 | OK | ||||
r-release-linux-x86_64 | 0.6.0 | 23.84 | 468.43 | 492.27 | OK | |
r-release-macos-arm64 | 0.6.0 | 135.00 | OK | |||
r-release-macos-x86_64 | 0.6.0 | 324.00 | OK | |||
r-release-windows-x86_64 | 0.6.0 | 22.00 | 338.00 | 360.00 | OK | |
r-oldrel-macos-arm64 | 0.6.0 | 153.00 | OK | |||
r-oldrel-macos-x86_64 | 0.6.0 | 279.00 | OK | |||
r-oldrel-windows-x86_64 | 0.6.0 | 29.00 | 458.00 | 487.00 | OK |
Version: 0.6.0
Check: Rd cross-references
Result: NOTE
Found the following Rd file(s) with Rd \link{} targets missing package
anchors:
ed_laplace_ofv.Rd: fdHess
Please provide package anchors for all Rd \link{} targets not in the
package itself and the base packages.
Flavors: r-devel-linux-x86_64-debian-gcc, r-devel-windows-x86_64
These binaries (installable software) and packages are in development.
They may not be fully stable and should be used with caution. We make no claims about them.