Last updated on 2025-02-16 10:50:55 CET.
Flavor | Version | Tinstall | Tcheck | Ttotal | Status | Flags |
---|---|---|---|---|---|---|
r-devel-linux-x86_64-debian-clang | 3.1 | 42.65 | 368.54 | 411.19 | NOTE | |
r-devel-linux-x86_64-debian-gcc | 3.1 | 28.23 | 236.59 | 264.82 | NOTE | |
r-devel-linux-x86_64-fedora-clang | 3.1 | 709.36 | OK | |||
r-devel-linux-x86_64-fedora-gcc | 3.1 | 612.90 | OK | |||
r-devel-macos-arm64 | 3.1 | 145.00 | OK | |||
r-devel-macos-x86_64 | 3.1 | 349.00 | OK | |||
r-devel-windows-x86_64 | 3.1 | 38.00 | 328.00 | 366.00 | NOTE | |
r-patched-linux-x86_64 | 3.1 | 48.49 | 334.95 | 383.44 | OK | |
r-release-linux-x86_64 | 3.1 | 38.28 | 335.68 | 373.96 | OK | |
r-release-macos-arm64 | 3.1 | 144.00 | OK | |||
r-release-macos-x86_64 | 3.1 | 225.00 | OK | |||
r-release-windows-x86_64 | 3.1 | 37.00 | 303.00 | 340.00 | OK | |
r-oldrel-macos-arm64 | 3.1 | 152.00 | OK | |||
r-oldrel-macos-x86_64 | 3.1 | 332.00 | OK | |||
r-oldrel-windows-x86_64 | 3.1 | 55.00 | 397.00 | 452.00 | OK |
Version: 3.1
Check: Rd cross-references
Result: NOTE
Found the following Rd file(s) with Rd \link{} targets missing package
anchors:
allel.rich.Rd: genind
allele.dist.Rd: genind
bilby.Rd: genind
gd.kosman.Rd: genind
gd.smouse.Rd: genind
genleastcost.Rd: gdistance, rSPDistance
landgenreport.Rd: gdistance, rSPDistance
null.all.Rd: genind
popgenreport.Rd: genind, import2genind, df2genind, read.fstat,
read.structure, read.genetix, read.genepop, Mercator, dismo, knitr,
adegenet, pegas, mmod
read.genetable.Rd: genind-class, adegenet, import2genind, df2genind,
read.fstat, read.structure, read.genetix, read.genepop
Please provide package anchors for all Rd \link{} targets not in the
package itself and the base packages.
Flavors: r-devel-linux-x86_64-debian-clang, r-devel-linux-x86_64-debian-gcc, r-devel-windows-x86_64
These binaries (installable software) and packages are in development.
They may not be fully stable and should be used with caution. We make no claims about them.