Last updated on 2024-07-27 15:50:29 CEST.
Flavor | Version | Tinstall | Tcheck | Ttotal | Status | Flags |
---|---|---|---|---|---|---|
r-devel-linux-x86_64-debian-clang | 1.3.1 | 4.65 | 182.27 | 186.92 | OK | |
r-devel-linux-x86_64-debian-gcc | 1.3.1 | NOTE | ||||
r-devel-linux-x86_64-fedora-clang | 1.3.1 | 228.00 | OK | |||
r-devel-linux-x86_64-fedora-gcc | 1.3.1 | 264.15 | OK | |||
r-devel-windows-x86_64 | 1.3.1 | 5.00 | 168.00 | 173.00 | NOTE | |
r-patched-linux-x86_64 | 1.3.1 | OK | ||||
r-release-linux-x86_64 | 1.3.1 | 4.30 | 174.27 | 178.57 | OK | |
r-release-macos-arm64 | 1.3.1 | 81.00 | OK | |||
r-release-macos-x86_64 | 1.3.1 | 113.00 | OK | |||
r-release-windows-x86_64 | 1.3.1 | 5.00 | 171.00 | 176.00 | OK | |
r-oldrel-macos-arm64 | 1.3.1 | 81.00 | OK | |||
r-oldrel-macos-x86_64 | 1.3.1 | 251.00 | OK | |||
r-oldrel-windows-x86_64 | 1.3.1 | 5.00 | 173.00 | 178.00 | OK |
Version: 1.3.1
Check: Rd cross-references
Result: NOTE
Found the following Rd file(s) with Rd \link{} targets missing package
anchors:
pop.predict.Rd: rrBLUP-package, BGLR
x.val.Rd: rrBLUP-package
Please provide package anchors for all Rd \link{} targets not in the
package itself and the base packages.
Flavors: r-devel-linux-x86_64-debian-gcc, r-devel-windows-x86_64
These binaries (installable software) and packages are in development.
They may not be fully stable and should be used with caution. We make no claims about them.