Last updated on 2025-05-24 13:49:33 CEST.
Flavor | Version | Tinstall | Tcheck | Ttotal | Status | Flags |
---|---|---|---|---|---|---|
r-devel-linux-x86_64-debian-clang | 2.1.0 | 24.76 | 278.84 | 303.60 | NOTE | |
r-devel-linux-x86_64-debian-gcc | 2.1.0 | 15.36 | 174.49 | 189.85 | NOTE | |
r-devel-linux-x86_64-fedora-clang | 2.1.0 | 541.24 | OK | |||
r-devel-linux-x86_64-fedora-gcc | 2.1.0 | 721.37 | OK | |||
r-devel-windows-x86_64 | 2.1.0 | 27.00 | 217.00 | 244.00 | OK | --no-vignettes |
r-patched-linux-x86_64 | 2.1.0 | 26.44 | 264.80 | 291.24 | NOTE | |
r-release-linux-x86_64 | 2.1.0 | 23.96 | 265.53 | 289.49 | NOTE | |
r-release-macos-arm64 | 2.1.0 | 222.00 | OK | |||
r-release-macos-x86_64 | 2.1.0 | 470.00 | OK | |||
r-release-windows-x86_64 | 2.1.0 | 29.00 | 164.00 | 193.00 | OK | --no-vignettes |
r-oldrel-macos-arm64 | 2.1.0 | 166.00 | OK | |||
r-oldrel-macos-x86_64 | 2.1.0 | 413.00 | OK | |||
r-oldrel-windows-x86_64 | 2.1.0 | 36.00 | 185.00 | 221.00 | OK | --no-vignettes |
Version: 2.1.0
Check: for unstated dependencies in ‘demo’
Result: NOTE
'::' or ':::' import not declared from: ‘RPESE’
'library' or 'require' calls not declared from:
‘TTR’ ‘doMC’
Flavors: r-devel-linux-x86_64-debian-clang, r-devel-linux-x86_64-debian-gcc, r-patched-linux-x86_64, r-release-linux-x86_64
These binaries (installable software) and packages are in development.
They may not be fully stable and should be used with caution. We make no claims about them.