CRAN Package Check Results for Package PortfolioAnalytics

Last updated on 2025-02-23 01:51:50 CET.

Flavor Version Tinstall Tcheck Ttotal Status Flags
r-devel-linux-x86_64-debian-clang 2.1.0 25.67 277.82 303.49 NOTE
r-devel-linux-x86_64-debian-gcc 2.1.0 13.70 176.28 189.98 NOTE
r-devel-linux-x86_64-fedora-clang 2.1.0 514.04 OK
r-devel-linux-x86_64-fedora-gcc 2.1.0 754.95 OK
r-devel-macos-arm64 2.1.0 176.00 OK
r-devel-macos-x86_64 2.1.0 439.00 OK
r-devel-windows-x86_64 2.1.0 26.00 158.00 184.00 OK --no-vignettes
r-patched-linux-x86_64 2.1.0 25.76 247.06 272.82 OK
r-release-linux-x86_64 2.1.0 18.33 249.56 267.89 OK
r-release-macos-arm64 2.1.0 166.00 OK
r-release-macos-x86_64 2.1.0 413.00 OK
r-release-windows-x86_64 2.1.0 25.00 163.00 188.00 OK --no-vignettes
r-oldrel-macos-arm64 2.1.0 177.00 OK
r-oldrel-macos-x86_64 2.1.0 401.00 OK
r-oldrel-windows-x86_64 2.1.0 32.00 179.00 211.00 OK --no-vignettes

Check Details

Version: 2.1.0
Check: for unstated dependencies in ‘demo’
Result: NOTE '::' or ':::' import not declared from: ‘RPESE’ 'library' or 'require' calls not declared from: ‘TTR’ ‘doMC’ Flavors: r-devel-linux-x86_64-debian-clang, r-devel-linux-x86_64-debian-gcc

These binaries (installable software) and packages are in development.
They may not be fully stable and should be used with caution. We make no claims about them.