Last updated on 2025-05-01 14:49:18 CEST.
Flavor | Version | Tinstall | Tcheck | Ttotal | Status | Flags |
---|---|---|---|---|---|---|
r-devel-linux-x86_64-debian-clang | 0.5-4 | 10.23 | 70.43 | 80.66 | NOTE | |
r-devel-linux-x86_64-debian-gcc | 0.5-4 | 6.49 | 47.19 | 53.68 | OK | |
r-devel-linux-x86_64-fedora-clang | 0.5-4 | 126.65 | OK | |||
r-devel-linux-x86_64-fedora-gcc | 0.5-4 | 119.65 | OK | |||
r-devel-windows-x86_64 | 0.5-4 | 11.00 | 82.00 | 93.00 | OK | |
r-patched-linux-x86_64 | 0.5-4 | 10.48 | 64.99 | 75.47 | OK | |
r-release-linux-x86_64 | OK | |||||
r-release-macos-arm64 | 0.5-4 | 33.00 | OK | |||
r-release-macos-x86_64 | 0.5-4 | 63.00 | OK | |||
r-release-windows-x86_64 | 0.5-4 | 11.00 | 83.00 | 94.00 | OK | |
r-oldrel-macos-arm64 | 0.5-4 | 34.00 | OK | |||
r-oldrel-macos-x86_64 | 0.5-4 | 50.00 | OK | |||
r-oldrel-windows-x86_64 | 0.5-4 | 14.00 | 102.00 | 116.00 | OK |
Version: 0.5-4
Check: examples
Result: NOTE
Examples with CPU (user + system) or elapsed time > 5s
user system elapsed
final.tsd.in 4.491 0.067 5.46
Flavor: r-devel-linux-x86_64-debian-clang
These binaries (installable software) and packages are in development.
They may not be fully stable and should be used with caution. We make no claims about them.