Last updated on 2025-10-23 23:49:40 CEST.
| Flavor | Version | Tinstall | Tcheck | Ttotal | Status | Flags |
|---|---|---|---|---|---|---|
| r-devel-linux-x86_64-debian-clang | 1.5-7 | 13.29 | 167.31 | 180.60 | NOTE | |
| r-devel-linux-x86_64-debian-gcc | 1.5-7 | 8.13 | 114.70 | 122.83 | OK | |
| r-devel-linux-x86_64-fedora-clang | 1.5-7 | 31.00 | 251.00 | 282.00 | OK | |
| r-devel-linux-x86_64-fedora-gcc | 1.5-7 | 32.00 | 268.57 | 300.57 | OK | |
| r-devel-windows-x86_64 | 1.5-7 | 13.00 | 121.00 | 134.00 | OK | --no-vignettes |
| r-patched-linux-x86_64 | 1.5-7 | 14.32 | 158.03 | 172.35 | OK | |
| r-release-linux-x86_64 | 1.5-7 | 13.29 | 158.79 | 172.08 | OK | |
| r-release-macos-arm64 | 1.5-7 | 6.00 | 103.00 | 109.00 | OK | |
| r-release-macos-x86_64 | 1.5-7 | 13.00 | 232.00 | 245.00 | OK | |
| r-release-windows-x86_64 | 1.5-7 | 14.00 | 130.00 | 144.00 | OK | --no-vignettes |
| r-oldrel-macos-arm64 | 1.5-7 | 6.00 | 105.00 | 111.00 | OK | |
| r-oldrel-macos-x86_64 | 1.5-7 | 13.00 | 215.00 | 228.00 | OK | |
| r-oldrel-windows-x86_64 | 1.5-7 | 16.00 | 134.00 | 150.00 | OK | --no-vignettes |
Version: 1.5-7
Check: HTML version of manual
Result: NOTE
Found the following HTML validation problems:
OwensQOwen.html:74:1 (OwensQOwen.Rd:33): Warning: <h3> anchor "_sec_note" already defined
Flavor: r-devel-linux-x86_64-debian-clang
These binaries (installable software) and packages are in development.
They may not be fully stable and should be used with caution. We make no claims about them.