Last updated on 2025-02-16 10:50:55 CET.
Flavor | Version | Tinstall | Tcheck | Ttotal | Status | Flags |
---|---|---|---|---|---|---|
r-devel-linux-x86_64-debian-clang | 1.0.1 | 10.52 | 117.59 | 128.11 | NOTE | |
r-devel-linux-x86_64-debian-gcc | 1.0.1 | 6.94 | 80.46 | 87.40 | NOTE | |
r-devel-linux-x86_64-fedora-clang | 1.0.1 | 210.02 | NOTE | |||
r-devel-linux-x86_64-fedora-gcc | 1.0.1 | 184.04 | NOTE | |||
r-devel-macos-arm64 | 1.0.1 | 54.00 | NOTE | |||
r-devel-macos-x86_64 | 1.0.1 | 110.00 | NOTE | |||
r-devel-windows-x86_64 | 1.0.1 | 12.00 | 113.00 | 125.00 | NOTE | |
r-patched-linux-x86_64 | 1.0.1 | 9.84 | 105.71 | 115.55 | NOTE | |
r-release-linux-x86_64 | 1.0.1 | 9.04 | 105.99 | 115.03 | NOTE | |
r-release-macos-arm64 | 1.0.1 | 52.00 | NOTE | |||
r-release-macos-x86_64 | 1.0.1 | 83.00 | NOTE | |||
r-release-windows-x86_64 | 1.0.1 | 11.00 | 122.00 | 133.00 | NOTE | |
r-oldrel-macos-arm64 | 1.0.1 | 47.00 | OK | |||
r-oldrel-macos-x86_64 | 1.0.1 | 161.00 | OK | |||
r-oldrel-windows-x86_64 | 1.0.1 | 14.00 | 135.00 | 149.00 | OK |
Version: 1.0.1
Check: Rd files
Result: NOTE
checkRd: (-1) NesPrInDT.Rd:17: Lost braces
17 | {see function \code{\link{PrInDT}} for details.}\cr
| ^
checkRd: (-1) PrInDTAll.Rd:16: Lost braces
16 | {see function \code{\link{PrInDT}} for details.}\cr
| ^
checkRd: (-1) PrInDTAllparts.Rd:17: Lost braces
17 | {see function \code{\link{PrInDT}} for details.}\cr
| ^
checkRd: (-1) PrInDTMulab.Rd:17: Lost braces
17 | {see function \code{\link{PrInDT}} for details.}\cr
| ^
checkRd: (-1) PrInDTMulabAll.Rd:17: Lost braces
17 | {see function \code{\link{PrInDT}} for details.}\cr
| ^
checkRd: (-1) PrInDTMulev.Rd:16: Lost braces
16 | {see function \code{\link{PrInDT}} for details.}\cr
| ^
checkRd: (-1) PrInDTMulevAll.Rd:16: Lost braces
16 | {see function \code{\link{PrInDT}} for details.}\cr
| ^
checkRd: (-1) PrInDTreg.Rd:16: Lost braces
16 | {see function \code{\link{PrInDT}} for details.}\cr
| ^
checkRd: (-1) PrInDTregAll.Rd:16: Lost braces
16 | {see function \code{\link{PrInDT}} for details.}\cr
| ^
checkRd: (-1) RePrInDT.Rd:17: Lost braces
17 | {see function \code{\link{PrInDT}} for details.}\cr
| ^
Flavors: r-devel-linux-x86_64-debian-clang, r-devel-linux-x86_64-debian-gcc, r-devel-linux-x86_64-fedora-clang, r-devel-linux-x86_64-fedora-gcc, r-devel-macos-arm64, r-devel-macos-x86_64, r-devel-windows-x86_64, r-patched-linux-x86_64, r-release-linux-x86_64, r-release-macos-arm64, r-release-macos-x86_64, r-release-windows-x86_64
Version: 1.0.1
Check: dependencies in R code
Result: NOTE
Namespace in Imports field not imported from: ‘stringr’
All declared Imports should be used.
Flavors: r-devel-linux-x86_64-fedora-clang, r-devel-linux-x86_64-fedora-gcc
These binaries (installable software) and packages are in development.
They may not be fully stable and should be used with caution. We make no claims about them.