CRAN Package Check Results for Package PracTools

Last updated on 2025-02-16 10:50:55 CET.

Flavor Version Tinstall Tcheck Ttotal Status Flags
r-devel-linux-x86_64-debian-clang 1.5 11.17 127.25 138.42 OK
r-devel-linux-x86_64-debian-gcc 1.5 7.18 87.76 94.94 OK
r-devel-linux-x86_64-fedora-clang 1.5 237.57 OK
r-devel-linux-x86_64-fedora-gcc 1.5 238.37 OK
r-devel-macos-arm64 1.5 75.00 OK
r-devel-macos-x86_64 1.5 140.00 OK
r-devel-windows-x86_64 1.5 14.00 169.00 183.00 OK
r-patched-linux-x86_64 1.5 13.39 118.99 132.38 OK
r-release-linux-x86_64 1.5 10.58 119.07 129.65 OK
r-release-macos-arm64 1.5 76.00 NOTE
r-release-macos-x86_64 1.5 191.00 NOTE
r-release-windows-x86_64 1.5 15.00 172.00 187.00 OK
r-oldrel-macos-arm64 1.5 92.00 NOTE
r-oldrel-macos-x86_64 1.5 180.00 NOTE
r-oldrel-windows-x86_64 1.5 19.00 184.00 203.00 OK

Check Details

Version: 1.5
Check: installed package size
Result: NOTE installed size is 5.6Mb sub-directories of 1Mb or more: data 4.1Mb doc 1.1Mb Flavors: r-release-macos-arm64, r-release-macos-x86_64, r-oldrel-macos-arm64, r-oldrel-macos-x86_64

These binaries (installable software) and packages are in development.
They may not be fully stable and should be used with caution. We make no claims about them.