Last updated on 2025-05-08 04:52:14 CEST.
Flavor | Version | Tinstall | Tcheck | Ttotal | Status | Flags |
---|---|---|---|---|---|---|
r-devel-linux-x86_64-debian-clang | 1.6 | 12.51 | 137.76 | 150.27 | OK | |
r-devel-linux-x86_64-debian-gcc | 1.6 | 9.01 | 94.86 | 103.87 | OK | |
r-devel-linux-x86_64-fedora-clang | 1.6 | 239.61 | OK | |||
r-devel-linux-x86_64-fedora-gcc | 1.6 | 251.02 | OK | |||
r-devel-windows-x86_64 | 1.6 | 16.00 | 180.00 | 196.00 | OK | |
r-patched-linux-x86_64 | 1.6 | 13.57 | 126.67 | 140.24 | OK | |
r-release-linux-x86_64 | 1.6 | 12.39 | 129.13 | 141.52 | OK | |
r-release-macos-arm64 | 1.6 | 72.00 | OK | |||
r-release-macos-x86_64 | 1.6 | 180.00 | OK | |||
r-release-windows-x86_64 | 1.6 | 14.00 | 183.00 | 197.00 | OK | |
r-oldrel-macos-arm64 | 1.6 | 78.00 | NOTE | |||
r-oldrel-macos-x86_64 | 1.6 | 166.00 | NOTE | |||
r-oldrel-windows-x86_64 | 1.6 | 18.00 | 212.00 | 230.00 | OK |
Version: 1.6
Check: installed package size
Result: NOTE
installed size is 5.8Mb
sub-directories of 1Mb or more:
data 4.3Mb
doc 1.1Mb
Flavors: r-oldrel-macos-arm64, r-oldrel-macos-x86_64
These binaries (installable software) and packages are in development.
They may not be fully stable and should be used with caution. We make no claims about them.