Last updated on 2025-10-23 19:50:27 CEST.
Flavor | Version | Tinstall | Tcheck | Ttotal | Status | Flags |
---|---|---|---|---|---|---|
r-devel-linux-x86_64-debian-clang | 0.0.3 | 1.88 | 28.18 | 30.06 | OK | |
r-devel-linux-x86_64-debian-gcc | 0.0.3 | 1.67 | 22.07 | 23.74 | OK | |
r-devel-linux-x86_64-fedora-clang | 0.0.3 | 47.17 | NOTE | |||
r-devel-linux-x86_64-fedora-gcc | 0.0.3 | 58.58 | NOTE | |||
r-devel-windows-x86_64 | 0.0.3 | 3.00 | 47.00 | 50.00 | OK | |
r-patched-linux-x86_64 | 0.0.3 | 1.96 | 26.87 | 28.83 | OK | |
r-release-linux-x86_64 | 0.0.3 | 1.88 | 27.65 | 29.53 | OK | |
r-release-macos-arm64 | 0.0.3 | 1.00 | 32.00 | 33.00 | OK | |
r-release-macos-x86_64 | 0.0.3 | 2.00 | 38.00 | 40.00 | OK | |
r-release-windows-x86_64 | 0.0.3 | 4.00 | 49.00 | 53.00 | OK | |
r-oldrel-macos-arm64 | 0.0.3 | 1.00 | 24.00 | 25.00 | OK | |
r-oldrel-macos-x86_64 | 0.0.3 | 2.00 | 31.00 | 33.00 | OK | |
r-oldrel-windows-x86_64 | 0.0.3 | 4.00 | 55.00 | 59.00 | OK |
Version: 0.0.3
Check: dependencies in R code
Result: NOTE
Namespaces in Imports field not imported from:
‘dplyr’ ‘methods’ ‘numDeriv’ ‘tidyr’
All declared Imports should be used.
Flavors: r-devel-linux-x86_64-fedora-clang, r-devel-linux-x86_64-fedora-gcc
These binaries (installable software) and packages are in development.
They may not be fully stable and should be used with caution. We make no claims about them.