Last updated on 2025-07-17 13:50:13 CEST.
Flavor | Version | Tinstall | Tcheck | Ttotal | Status | Flags |
---|---|---|---|---|---|---|
r-devel-linux-x86_64-debian-clang | 0.4 | 14.72 | 128.50 | 143.22 | NOTE | |
r-devel-linux-x86_64-debian-gcc | 0.4 | 11.18 | 94.15 | 105.33 | NOTE | |
r-devel-linux-x86_64-fedora-clang | 0.4 | 221.88 | OK | |||
r-devel-linux-x86_64-fedora-gcc | 0.4 | 209.93 | OK | |||
r-devel-windows-x86_64 | 0.4 | 16.00 | 127.00 | 143.00 | OK | |
r-patched-linux-x86_64 | 0.4 | 16.79 | 121.48 | 138.27 | OK | |
r-release-linux-x86_64 | 0.4 | 15.58 | 120.49 | 136.07 | OK | |
r-release-macos-arm64 | 0.4 | 57.00 | OK | |||
r-release-macos-x86_64 | 0.4 | 107.00 | OK | |||
r-release-windows-x86_64 | 0.4 | 16.00 | 132.00 | 148.00 | OK | |
r-oldrel-macos-arm64 | 0.4 | 59.00 | OK | |||
r-oldrel-macos-x86_64 | 0.4 | 86.00 | OK | |||
r-oldrel-windows-x86_64 | 0.4 | 23.00 | 168.00 | 191.00 | OK |
Version: 0.4
Check: CRAN incoming feasibility
Result: NOTE
Maintainer: ‘Atesh Koul <atesh.koul@gmail.com>’
No Authors@R field in DESCRIPTION.
Please add one, modifying
Authors@R: person(given = "Atesh",
family = "Koul",
role = c("aut", "cre"),
email = "atesh.koul@gmail.com")
as necessary.
Flavors: r-devel-linux-x86_64-debian-clang, r-devel-linux-x86_64-debian-gcc
These binaries (installable software) and packages are in development.
They may not be fully stable and should be used with caution. We make no claims about them.