Last updated on 2025-05-01 08:52:42 CEST.
Flavor | Version | Tinstall | Tcheck | Ttotal | Status | Flags |
---|---|---|---|---|---|---|
r-devel-linux-x86_64-debian-clang | 0.4 | 16.27 | 129.83 | 146.10 | NOTE | |
r-devel-linux-x86_64-debian-gcc | 0.4 | 12.40 | 92.81 | 105.21 | NOTE | |
r-devel-linux-x86_64-fedora-clang | 0.4 | 213.39 | OK | |||
r-devel-linux-x86_64-fedora-gcc | 0.4 | 205.19 | OK | |||
r-devel-windows-x86_64 | 0.4 | 16.00 | 131.00 | 147.00 | OK | |
r-patched-linux-x86_64 | 0.4 | 14.88 | 120.01 | 134.89 | OK | |
r-release-linux-x86_64 | OK | |||||
r-release-macos-arm64 | 0.4 | 57.00 | OK | |||
r-release-macos-x86_64 | 0.4 | 107.00 | OK | |||
r-release-windows-x86_64 | 0.4 | 17.00 | 131.00 | 148.00 | OK | |
r-oldrel-macos-arm64 | 0.4 | 59.00 | OK | |||
r-oldrel-macos-x86_64 | 0.4 | 86.00 | OK | |||
r-oldrel-windows-x86_64 | 0.4 | 22.00 | 164.00 | 186.00 | OK |
Version: 0.4
Check: CRAN incoming feasibility
Result: NOTE
Maintainer: ‘Atesh Koul <atesh.koul@gmail.com>’
No Authors@R field in DESCRIPTION.
Please add one, modifying
Authors@R: person(given = "Atesh",
family = "Koul",
role = c("aut", "cre"),
email = "atesh.koul@gmail.com")
as necessary.
Flavors: r-devel-linux-x86_64-debian-clang, r-devel-linux-x86_64-debian-gcc
These binaries (installable software) and packages are in development.
They may not be fully stable and should be used with caution. We make no claims about them.