Last updated on 2025-02-16 10:50:55 CET.
Flavor | Version | Tinstall | Tcheck | Ttotal | Status | Flags |
---|---|---|---|---|---|---|
r-devel-linux-x86_64-debian-clang | 1.2-4 | 8.49 | 73.61 | 82.10 | OK | |
r-devel-linux-x86_64-debian-gcc | 1.2-4 | 6.33 | 54.43 | 60.76 | OK | |
r-devel-linux-x86_64-fedora-clang | 1.2-4 | 136.34 | NOTE | |||
r-devel-linux-x86_64-fedora-gcc | 1.2-4 | 121.57 | NOTE | |||
r-devel-macos-arm64 | 1.2-4 | 49.00 | OK | |||
r-devel-macos-x86_64 | 1.2-4 | 85.00 | OK | |||
r-devel-windows-x86_64 | 1.2-4 | 8.00 | 88.00 | 96.00 | OK | |
r-patched-linux-x86_64 | 1.2-4 | 8.74 | 67.27 | 76.01 | OK | |
r-release-linux-x86_64 | 1.2-4 | 7.69 | 67.66 | 75.35 | OK | |
r-release-macos-arm64 | 1.2-4 | 51.00 | OK | |||
r-release-macos-x86_64 | 1.2-4 | 60.00 | OK | |||
r-release-windows-x86_64 | 1.2-4 | 10.00 | 87.00 | 97.00 | OK | |
r-oldrel-macos-arm64 | 1.2-4 | 44.00 | OK | |||
r-oldrel-macos-x86_64 | 1.2-4 | 68.00 | OK | |||
r-oldrel-windows-x86_64 | 1.2-4 | 12.00 | 117.00 | 129.00 | OK |
Version: 1.2-4
Check: dependencies in R code
Result: NOTE
Namespace in Imports field not imported from: ‘lazyeval’
All declared Imports should be used.
Flavors: r-devel-linux-x86_64-fedora-clang, r-devel-linux-x86_64-fedora-gcc
These binaries (installable software) and packages are in development.
They may not be fully stable and should be used with caution. We make no claims about them.