Last updated on 2025-02-16 10:50:55 CET.
Flavor | Version | Tinstall | Tcheck | Ttotal | Status | Flags |
---|---|---|---|---|---|---|
r-devel-linux-x86_64-debian-clang | 1.0-12 | 6.42 | 55.49 | 61.91 | OK | |
r-devel-linux-x86_64-debian-gcc | 1.0-12 | 4.42 | 41.56 | 45.98 | OK | |
r-devel-linux-x86_64-fedora-clang | 1.0-12 | 102.84 | OK | |||
r-devel-linux-x86_64-fedora-gcc | 1.0-12 | 91.26 | OK | |||
r-devel-macos-arm64 | 1.0-12 | 32.00 | OK | |||
r-devel-macos-x86_64 | 1.0-12 | 56.00 | OK | |||
r-devel-windows-x86_64 | 1.0-12 | 8.00 | 74.00 | 82.00 | OK | |
r-patched-linux-x86_64 | 1.0-12 | 7.00 | 51.36 | 58.36 | NOTE | |
r-release-linux-x86_64 | 1.0-12 | 6.19 | 51.77 | 57.96 | NOTE | |
r-release-macos-arm64 | 1.0-12 | 29.00 | NOTE | |||
r-release-macos-x86_64 | 1.0-12 | 44.00 | NOTE | |||
r-release-windows-x86_64 | 1.0-12 | 9.00 | 67.00 | 76.00 | NOTE | |
r-oldrel-macos-arm64 | 1.0-12 | 35.00 | NOTE | |||
r-oldrel-macos-x86_64 | 1.0-12 | 52.00 | NOTE | |||
r-oldrel-windows-x86_64 | 1.0-12 | 10.00 | 78.00 | 88.00 | NOTE |
Version: 1.0-12
Check: LazyData
Result: NOTE
'LazyData' is specified without a 'data' directory
Flavors: r-patched-linux-x86_64, r-release-linux-x86_64, r-release-macos-arm64, r-release-macos-x86_64, r-release-windows-x86_64, r-oldrel-macos-arm64, r-oldrel-macos-x86_64, r-oldrel-windows-x86_64
These binaries (installable software) and packages are in development.
They may not be fully stable and should be used with caution. We make no claims about them.