Last updated on 2025-05-01 12:49:37 CEST.
Flavor | Version | Tinstall | Tcheck | Ttotal | Status | Flags |
---|---|---|---|---|---|---|
r-devel-linux-x86_64-debian-clang | 1.1.11 | 3.88 | 37.01 | 40.89 | NOTE | |
r-devel-linux-x86_64-debian-gcc | 1.1.11 | 2.87 | 26.96 | 29.83 | NOTE | |
r-devel-linux-x86_64-fedora-clang | 1.1.11 | 62.25 | OK | |||
r-devel-linux-x86_64-fedora-gcc | 1.1.11 | 58.64 | OK | |||
r-devel-windows-x86_64 | 1.1.11 | 5.00 | 59.00 | 64.00 | OK | |
r-patched-linux-x86_64 | 1.1.11 | 4.73 | 34.77 | 39.50 | OK | |
r-release-linux-x86_64 | OK | |||||
r-release-macos-arm64 | 1.1.11 | 23.00 | OK | |||
r-release-macos-x86_64 | 1.1.11 | 57.00 | OK | |||
r-release-windows-x86_64 | 1.1.11 | 4.00 | 59.00 | 63.00 | OK | |
r-oldrel-macos-arm64 | 1.1.11 | 27.00 | OK | |||
r-oldrel-macos-x86_64 | 1.1.11 | 40.00 | OK | |||
r-oldrel-windows-x86_64 | 1.1.11 | 4.00 | 59.00 | 63.00 | OK |
Version: 1.1.11
Check: CRAN incoming feasibility
Result: NOTE
Maintainer: ‘Elizabeth Freeman <elizabeth.a.freeman@usda.gov>’
No Authors@R field in DESCRIPTION.
Please add one, modifying
Authors@R: person(given = "Elizabeth",
family = "Freeman",
role = c("aut", "cre"),
email = "elizabeth.a.freeman@usda.gov")
as necessary.
Package CITATION file contains call(s) to old-style citEntry(). Please
use bibentry() instead.
Flavors: r-devel-linux-x86_64-debian-clang, r-devel-linux-x86_64-debian-gcc
These binaries (installable software) and packages are in development.
They may not be fully stable and should be used with caution. We make no claims about them.