Last updated on 2025-11-11 15:50:43 CET.
| Flavor | Version | Tinstall | Tcheck | Ttotal | Status | Flags |
|---|---|---|---|---|---|---|
| r-devel-linux-x86_64-debian-clang | 1.0.2 | 10.11 | 95.94 | 106.05 | OK | |
| r-devel-linux-x86_64-debian-gcc | 1.0.2 | 7.70 | 73.19 | 80.89 | OK | |
| r-devel-linux-x86_64-fedora-clang | 1.0.2 | 22.00 | 140.49 | 162.49 | OK | |
| r-devel-linux-x86_64-fedora-gcc | 1.0.2 | 19.00 | 149.75 | 168.75 | OK | |
| r-devel-windows-x86_64 | 1.0.2 | 12.00 | 105.00 | 117.00 | OK | |
| r-patched-linux-x86_64 | 1.0.2 | 10.00 | 93.78 | 103.78 | OK | |
| r-release-linux-x86_64 | 1.0.2 | 9.82 | 90.61 | 100.43 | OK | |
| r-release-macos-arm64 | 1.0.2 | 4.00 | 44.00 | 48.00 | OK | |
| r-release-macos-x86_64 | 1.0.2 | 9.00 | 78.00 | 87.00 | OK | |
| r-release-windows-x86_64 | 1.0.2 | 12.00 | 101.00 | 113.00 | OK | |
| r-oldrel-macos-arm64 | 1.0.2 | 4.00 | 41.00 | 45.00 | NOTE | |
| r-oldrel-macos-x86_64 | 1.0.2 | 7.00 | 64.00 | 71.00 | NOTE | |
| r-oldrel-windows-x86_64 | 1.0.2 | 16.00 | 127.00 | 143.00 | NOTE |
Version: 1.0.2
Check: LazyData
Result: NOTE
'LazyData' is specified without a 'data' directory
Flavors: r-oldrel-macos-arm64, r-oldrel-macos-x86_64, r-oldrel-windows-x86_64
These binaries (installable software) and packages are in development.
They may not be fully stable and should be used with caution. We make no claims about them.