Last updated on 2025-10-09 17:50:47 CEST.
Flavor | Version | Tinstall | Tcheck | Ttotal | Status | Flags |
---|---|---|---|---|---|---|
r-devel-linux-x86_64-debian-clang | 1.0.2 | 8.81 | 99.46 | 108.27 | OK | |
r-devel-linux-x86_64-debian-gcc | 1.0.2 | 7.49 | 71.11 | 78.60 | OK | |
r-devel-linux-x86_64-fedora-clang | 1.0.2 | 171.43 | OK | |||
r-devel-linux-x86_64-fedora-gcc | 1.0.2 | 166.22 | OK | |||
r-devel-windows-x86_64 | 1.0.2 | 12.00 | 106.00 | 118.00 | OK | |
r-patched-linux-x86_64 | 1.0.2 | 10.50 | 90.24 | 100.74 | OK | |
r-release-linux-x86_64 | 1.0.2 | 10.48 | 91.50 | 101.98 | OK | |
r-release-macos-arm64 | 1.0.2 | 48.00 | OK | |||
r-release-macos-x86_64 | 1.0.2 | 87.00 | OK | |||
r-release-windows-x86_64 | 1.0.2 | 12.00 | 104.00 | 116.00 | OK | |
r-oldrel-macos-arm64 | 1.0.2 | 45.00 | NOTE | |||
r-oldrel-macos-x86_64 | 1.0.2 | 71.00 | NOTE | |||
r-oldrel-windows-x86_64 | 1.0.2 | 16.00 | 133.00 | 149.00 | NOTE |
Version: 1.0.2
Check: LazyData
Result: NOTE
'LazyData' is specified without a 'data' directory
Flavors: r-oldrel-macos-arm64, r-oldrel-macos-x86_64, r-oldrel-windows-x86_64
These binaries (installable software) and packages are in development.
They may not be fully stable and should be used with caution. We make no claims about them.