CRAN Package Check Results for Package PressPurt

Last updated on 2025-02-16 10:50:55 CET.

Flavor Version Tinstall Tcheck Ttotal Status Flags
r-devel-linux-x86_64-debian-clang 1.0.2 8.45 79.44 87.89 OK
r-devel-linux-x86_64-debian-gcc 1.0.2 7.43 56.40 63.83 OK
r-devel-linux-x86_64-fedora-clang 1.0.2 148.01 OK
r-devel-linux-x86_64-fedora-gcc 1.0.2 144.10 OK
r-devel-macos-arm64 1.0.2 47.00 OK
r-devel-macos-x86_64 1.0.2 93.00 OK
r-devel-windows-x86_64 1.0.2 10.00 93.00 103.00 OK
r-patched-linux-x86_64 1.0.2 9.17 74.02 83.19 NOTE
r-release-linux-x86_64 1.0.2 8.36 73.65 82.01 NOTE
r-release-macos-arm64 1.0.2 45.00 NOTE
r-release-macos-x86_64 1.0.2 71.00 NOTE
r-release-windows-x86_64 1.0.2 10.00 94.00 104.00 NOTE
r-oldrel-macos-arm64 1.0.2 56.00 NOTE
r-oldrel-macos-x86_64 1.0.2 82.00 NOTE
r-oldrel-windows-x86_64 1.0.2 14.00 106.00 120.00 NOTE

Check Details

Version: 1.0.2
Check: LazyData
Result: NOTE 'LazyData' is specified without a 'data' directory Flavors: r-patched-linux-x86_64, r-release-linux-x86_64, r-release-macos-arm64, r-release-macos-x86_64, r-release-windows-x86_64, r-oldrel-macos-arm64, r-oldrel-macos-x86_64, r-oldrel-windows-x86_64

These binaries (installable software) and packages are in development.
They may not be fully stable and should be used with caution. We make no claims about them.