CRAN Package Check Results for Package PressPurt

Last updated on 2025-05-08 04:52:14 CEST.

Flavor Version Tinstall Tcheck Ttotal Status Flags
r-devel-linux-x86_64-debian-clang 1.0.2 9.94 87.04 96.98 OK
r-devel-linux-x86_64-debian-gcc 1.0.2 6.96 62.67 69.63 OK
r-devel-linux-x86_64-fedora-clang 1.0.2 138.91 OK
r-devel-linux-x86_64-fedora-gcc 1.0.2 153.78 OK
r-devel-windows-x86_64 1.0.2 11.00 98.00 109.00 OK
r-patched-linux-x86_64 1.0.2 8.54 82.23 90.77 OK
r-release-linux-x86_64 1.0.2 9.54 82.02 91.56 OK
r-release-macos-arm64 1.0.2 48.00 OK
r-release-macos-x86_64 1.0.2 87.00 OK
r-release-windows-x86_64 1.0.2 11.00 98.00 109.00 OK
r-oldrel-macos-arm64 1.0.2 45.00 NOTE
r-oldrel-macos-x86_64 1.0.2 71.00 NOTE
r-oldrel-windows-x86_64 1.0.2 14.00 121.00 135.00 NOTE

Check Details

Version: 1.0.2
Check: LazyData
Result: NOTE 'LazyData' is specified without a 'data' directory Flavors: r-oldrel-macos-arm64, r-oldrel-macos-x86_64, r-oldrel-windows-x86_64

These binaries (installable software) and packages are in development.
They may not be fully stable and should be used with caution. We make no claims about them.