Last updated on 2025-07-26 01:51:00 CEST.
Flavor | Version | Tinstall | Tcheck | Ttotal | Status | Flags |
---|---|---|---|---|---|---|
r-devel-linux-x86_64-debian-clang | 1.1 | 2.05 | 25.45 | 27.50 | NOTE | |
r-devel-linux-x86_64-debian-gcc | 1.1 | 1.88 | 20.81 | 22.69 | NOTE | |
r-devel-linux-x86_64-fedora-clang | 1.1 | 42.16 | OK | |||
r-devel-linux-x86_64-fedora-gcc | 1.1 | 40.64 | OK | |||
r-devel-windows-x86_64 | 1.1 | 3.00 | 56.00 | 59.00 | OK | |
r-patched-linux-x86_64 | 1.1 | 2.30 | 24.05 | 26.35 | OK | |
r-release-linux-x86_64 | 1.1 | 2.13 | 24.47 | 26.60 | OK | |
r-release-macos-arm64 | 1.1 | 21.00 | OK | |||
r-release-macos-x86_64 | 1.1 | 29.00 | OK | |||
r-release-windows-x86_64 | 1.1 | 3.00 | 63.00 | 66.00 | OK | |
r-oldrel-macos-arm64 | 1.1 | 20.00 | OK | |||
r-oldrel-macos-x86_64 | 1.1 | 26.00 | OK | |||
r-oldrel-windows-x86_64 | 1.1 | 4.00 | 52.00 | 56.00 | OK |
Version: 1.1
Check: CRAN incoming feasibility
Result: NOTE
Maintainer: ‘Trevor Hastie <hastie@stanford.edu>’
No Authors@R field in DESCRIPTION.
Please add one, modifying
Authors@R: c(person(given = "Trevor",
family = "Hastie",
role = c("aut", "cre"),
email = "hastie@stanford.edu"),
person(given = "Rob",
family = "Tibshirani",
role = "aut"))
as necessary.
Flavors: r-devel-linux-x86_64-debian-clang, r-devel-linux-x86_64-debian-gcc
These binaries (installable software) and packages are in development.
They may not be fully stable and should be used with caution. We make no claims about them.