CRAN Package Check Results for Package ProFAST

Last updated on 2025-02-16 10:50:55 CET.

Flavor Version Tinstall Tcheck Ttotal Status Flags
r-devel-linux-x86_64-debian-clang 1.4 111.44 544.99 656.43 NOTE
r-devel-linux-x86_64-debian-gcc 1.4 112.27 393.86 506.13 NOTE
r-devel-linux-x86_64-fedora-clang 1.4 1302.62 NOTE
r-devel-linux-x86_64-fedora-gcc 1.4 1275.42 NOTE
r-devel-macos-arm64 1.4 5.00 ERROR
r-devel-macos-x86_64 1.4 6.00 ERROR
r-devel-windows-x86_64 1.4 146.00 465.00 611.00 NOTE
r-patched-linux-x86_64 1.4 126.40 510.29 636.69 OK
r-release-linux-x86_64 1.4 115.71 502.81 618.52 OK
r-release-macos-arm64 1.4 13.00 ERROR
r-release-macos-x86_64 1.4 412.00 NOTE
r-release-windows-x86_64 1.4 149.00 468.00 617.00 OK
r-oldrel-macos-arm64 1.4 191.00 NOTE
r-oldrel-macos-x86_64 1.4 12.00 ERROR
r-oldrel-windows-x86_64 1.4 145.00 644.00 789.00 OK

Additional issues

gcc-UBSAN

Check Details

Version: 1.4
Check: Rd cross-references
Result: NOTE Found the following Rd file(s) with Rd \link{} targets missing package anchors: AddAdj.Rd: getAdj_auto AddParSettingFAST.Rd: CreatePRECASTObject FAST.Rd: CreatePRECASTObject IntegrateSRTData.Rd: CreatePRECASTObject RunHarmonyLouvain.Rd: CreatePRECASTObject RuniSCMEB.Rd: CreatePRECASTObject iscmeb_run.Rd: Mclust Please provide package anchors for all Rd \link{} targets not in the package itself and the base packages. Flavors: r-devel-linux-x86_64-debian-clang, r-devel-linux-x86_64-debian-gcc, r-devel-windows-x86_64

Version: 1.4
Check: dependencies in R code
Result: NOTE Namespace in Imports field not imported from: ‘Rcpp’ All declared Imports should be used. Flavors: r-devel-linux-x86_64-fedora-clang, r-devel-linux-x86_64-fedora-gcc

Version: 1.4
Check: package dependencies
Result: ERROR Packages required but not available: 'org.Hs.eg.db', 'org.Mm.eg.db' See section ‘The DESCRIPTION file’ in the ‘Writing R Extensions’ manual. Flavor: r-devel-macos-arm64

Version: 1.4
Check: package dependencies
Result: ERROR Package required but not available: ‘org.Mm.eg.db’ See section ‘The DESCRIPTION file’ in the ‘Writing R Extensions’ manual. Flavors: r-devel-macos-x86_64, r-release-macos-arm64, r-oldrel-macos-x86_64

Version: 1.4
Check: installed package size
Result: NOTE installed size is 15.9Mb sub-directories of 1Mb or more: data 2.2Mb libs 13.1Mb Flavors: r-release-macos-x86_64, r-oldrel-macos-arm64

These binaries (installable software) and packages are in development.
They may not be fully stable and should be used with caution. We make no claims about them.