Last updated on 2025-02-23 01:51:50 CET.
Flavor | Version | Tinstall | Tcheck | Ttotal | Status | Flags |
---|---|---|---|---|---|---|
r-devel-linux-x86_64-debian-clang | 0.0.5 | 32.31 | 38.74 | 71.05 | NOTE | |
r-devel-linux-x86_64-debian-gcc | 0.0.5 | 24.41 | 29.50 | 53.91 | NOTE | |
r-devel-linux-x86_64-fedora-clang | 0.0.5 | 138.67 | WARN | |||
r-devel-linux-x86_64-fedora-gcc | 0.0.5 | 136.92 | NOTE | |||
r-devel-macos-arm64 | 0.0.5 | 49.00 | OK | |||
r-devel-macos-x86_64 | 0.0.5 | 97.00 | NOTE | |||
r-devel-windows-x86_64 | 0.0.5 | 108.00 | 74.00 | 182.00 | NOTE | |
r-patched-linux-x86_64 | 0.0.5 | 33.54 | 36.31 | 69.85 | OK | |
r-release-linux-x86_64 | 0.0.5 | 33.70 | 36.51 | 70.21 | OK | |
r-release-macos-arm64 | 0.0.5 | 61.00 | OK | |||
r-release-macos-x86_64 | 0.0.5 | 111.00 | OK | |||
r-release-windows-x86_64 | 0.0.5 | 105.00 | 73.00 | 178.00 | OK | |
r-oldrel-macos-arm64 | 0.0.5 | 56.00 | OK | |||
r-oldrel-macos-x86_64 | 0.0.5 | 114.00 | OK | |||
r-oldrel-windows-x86_64 | 0.0.5 | 100.00 | 80.00 | 180.00 | OK |
Version: 0.0.5
Check: DESCRIPTION meta-information
Result: NOTE
Missing dependency on R >= 4.1.0 because package code uses the pipe
|> or function shorthand \(...) syntax added in R 4.1.0.
File(s) using such syntax:
‘cell.R’ ‘command.R’ ‘instrument.R’ ‘io.R’ ‘modplug.R’ ‘note.R’
‘render.R’ ‘s3.R’ ‘select_ops.R’
Flavors: r-devel-linux-x86_64-debian-clang, r-devel-linux-x86_64-debian-gcc, r-devel-linux-x86_64-fedora-clang, r-devel-linux-x86_64-fedora-gcc, r-devel-macos-x86_64, r-devel-windows-x86_64
Version: 0.0.5
Check: whether package can be installed
Result: WARN
Found the following significant warnings:
/data/gannet/ripley/R/test-clang/cpp11/include/cpp11/R.hpp:52:31: warning: identifier '_xl' preceded by whitespace in a literal operator declaration is deprecated [-Wdeprecated-literal-operator]
/data/gannet/ripley/R/test-clang/cpp11/include/cpp11/named_arg.hpp:42:29: warning: identifier '_nm' preceded by whitespace in a literal operator declaration is deprecated [-Wdeprecated-literal-operator]
See ‘/data/gannet/ripley/R/packages/tests-clang/ProTrackR2.Rcheck/00install.out’ for details.
* used C++ compiler: ‘clang version 20.1.0-rc2’
Flavor: r-devel-linux-x86_64-fedora-clang
These binaries (installable software) and packages are in development.
They may not be fully stable and should be used with caution. We make no claims about them.