CRAN Package Check Results for Package ProTrackR2

Last updated on 2025-05-02 08:49:35 CEST.

Flavor Version Tinstall Tcheck Ttotal Status Flags
r-devel-linux-x86_64-debian-clang 0.0.5 33.20 40.77 73.97 NOTE
r-devel-linux-x86_64-debian-gcc 0.0.5 25.04 32.12 57.16 NOTE
r-devel-linux-x86_64-fedora-clang 0.0.5 131.64 NOTE
r-devel-linux-x86_64-fedora-gcc 0.0.5 133.51 NOTE
r-devel-windows-x86_64 0.0.5 111.00 76.00 187.00 NOTE
r-patched-linux-x86_64 0.0.5 33.49 37.95 71.44 NOTE
r-release-linux-x86_64 NOTE
r-release-macos-arm64 0.0.5 65.00 NOTE
r-release-macos-x86_64 0.0.5 76.00 NOTE
r-release-windows-x86_64 0.0.5 113.00 76.00 189.00 NOTE
r-oldrel-macos-arm64 0.0.5 61.00 OK
r-oldrel-macos-x86_64 0.0.5 111.00 OK
r-oldrel-windows-x86_64 0.0.5 104.00 82.00 186.00 OK

Additional issues

rchk

Check Details

Version: 0.0.5
Check: DESCRIPTION meta-information
Result: NOTE Missing dependency on R >= 4.1.0 because package code uses the pipe |> or function shorthand \(...) syntax added in R 4.1.0. File(s) using such syntax: ‘cell.R’ ‘command.R’ ‘instrument.R’ ‘io.R’ ‘modplug.R’ ‘note.R’ ‘render.R’ ‘s3.R’ ‘select_ops.R’ Flavors: r-devel-linux-x86_64-debian-clang, r-devel-linux-x86_64-debian-gcc, r-devel-linux-x86_64-fedora-clang, r-devel-linux-x86_64-fedora-gcc, r-devel-windows-x86_64, r-patched-linux-x86_64, r-release-linux-x86_64, r-release-macos-arm64, r-release-macos-x86_64, r-release-windows-x86_64

These binaries (installable software) and packages are in development.
They may not be fully stable and should be used with caution. We make no claims about them.