CRAN Package Check Results for Package ProbBayes

Last updated on 2025-05-01 15:49:40 CEST.

Flavor Version Tinstall Tcheck Ttotal Status Flags
r-devel-linux-x86_64-debian-clang 1.1 9.09 67.14 76.23 NOTE
r-devel-linux-x86_64-debian-gcc 1.1 5.46 46.45 51.91 NOTE
r-devel-linux-x86_64-fedora-clang 1.1 105.77 OK
r-devel-linux-x86_64-fedora-gcc 1.1 100.25 OK
r-devel-windows-x86_64 1.1 11.00 95.00 106.00 OK
r-patched-linux-x86_64 1.1 9.52 62.05 71.57 OK
r-release-linux-x86_64 OK
r-release-macos-arm64 1.1 34.00 OK
r-release-macos-x86_64 1.1 62.00 OK
r-release-windows-x86_64 1.1 12.00 96.00 108.00 OK
r-oldrel-macos-arm64 1.1 34.00 OK
r-oldrel-macos-x86_64 1.1 51.00 OK
r-oldrel-windows-x86_64 1.1 13.00 113.00 126.00 OK

Check Details

Version: 1.1
Check: CRAN incoming feasibility
Result: NOTE Maintainer: ‘Jim Albert <albert@bgsu.edu>’ No Authors@R field in DESCRIPTION. Please add one, modifying Authors@R: person(given = "Jim", family = "Albert", role = c("aut", "cre"), email = "albert@bgsu.edu") as necessary. Flavors: r-devel-linux-x86_64-debian-clang, r-devel-linux-x86_64-debian-gcc

These binaries (installable software) and packages are in development.
They may not be fully stable and should be used with caution. We make no claims about them.