CRAN Package Check Results for Package ProbBayes

Last updated on 2025-10-03 07:49:52 CEST.

Flavor Version Tinstall Tcheck Ttotal Status Flags
r-devel-linux-x86_64-debian-clang 1.1 7.61 79.81 87.42 NOTE
r-devel-linux-x86_64-debian-gcc 1.1 6.01 56.78 62.79 NOTE
r-devel-linux-x86_64-fedora-clang 1.1 138.19 OK
r-devel-linux-x86_64-fedora-gcc 1.1 126.47 OK
r-devel-windows-x86_64 1.1 12.00 104.00 116.00 OK
r-patched-linux-x86_64 1.1 9.00 74.10 83.10 OK
r-release-linux-x86_64 1.1 6.58 74.13 80.71 OK
r-release-macos-arm64 1.1 34.00 OK
r-release-macos-x86_64 1.1 62.00 OK
r-release-windows-x86_64 1.1 13.00 104.00 117.00 OK
r-oldrel-macos-arm64 1.1 34.00 OK
r-oldrel-macos-x86_64 1.1 51.00 OK
r-oldrel-windows-x86_64 1.1 16.00 122.00 138.00 OK

Check Details

Version: 1.1
Check: CRAN incoming feasibility
Result: NOTE Maintainer: ‘Jim Albert <albert@bgsu.edu>’ No Authors@R field in DESCRIPTION. Please add one, modifying Authors@R: person(given = "Jim", family = "Albert", role = c("aut", "cre"), email = "albert@bgsu.edu") as necessary. Flavors: r-devel-linux-x86_64-debian-clang, r-devel-linux-x86_64-debian-gcc

These binaries (installable software) and packages are in development.
They may not be fully stable and should be used with caution. We make no claims about them.