Last updated on 2025-10-09 17:50:47 CEST.
Flavor | Version | Tinstall | Tcheck | Ttotal | Status | Flags |
---|---|---|---|---|---|---|
r-devel-linux-x86_64-debian-clang | 1.0.4.6 | 1972.78 | 213.18 | 2185.96 | OK | |
r-devel-linux-x86_64-debian-gcc | 1.0.4.6 | 1704.63 | 290.83 | 1995.46 | OK | |
r-devel-linux-x86_64-fedora-clang | 1.0.4.6 | 3483.37 | OK | |||
r-devel-linux-x86_64-fedora-gcc | 1.0.4.6 | 3823.87 | OK | |||
r-devel-windows-x86_64 | 1.0.4.6 | 2147.00 | 416.00 | 2563.00 | OK | |
r-patched-linux-x86_64 | 1.0.4.6 | 2266.07 | 403.36 | 2669.43 | OK | |
r-release-linux-x86_64 | 1.0.4.6 | 2320.24 | 402.96 | 2723.20 | OK | |
r-release-macos-arm64 | 1.0.4.6 | 852.00 | OK | |||
r-release-macos-x86_64 | 1.0.4.6 | 798.00 | OK | |||
r-release-windows-x86_64 | 1.0.4.6 | 1961.00 | 391.00 | 2352.00 | OK | |
r-oldrel-macos-arm64 | 1.0.4.6 | 684.00 | NOTE | |||
r-oldrel-macos-x86_64 | 1.0.4.6 | 902.00 | NOTE | |||
r-oldrel-windows-x86_64 | 1.0.4.6 | 2386.00 | 478.00 | 2864.00 | NOTE |
Version: 1.0.4.6
Check: installed package size
Result: NOTE
installed size is 227.0Mb
sub-directories of 1Mb or more:
libs 225.8Mb
Flavors: r-oldrel-macos-arm64, r-oldrel-macos-x86_64, r-oldrel-windows-x86_64
Version: 1.0.4.6
Check: for GNU extensions in Makefiles
Result: NOTE
GNU make is a SystemRequirements.
Flavors: r-oldrel-macos-arm64, r-oldrel-macos-x86_64, r-oldrel-windows-x86_64
These binaries (installable software) and packages are in development.
They may not be fully stable and should be used with caution. We make no claims about them.