Last updated on 2025-05-23 13:49:42 CEST.
Flavor | Version | Tinstall | Tcheck | Ttotal | Status | Flags |
---|---|---|---|---|---|---|
r-devel-linux-x86_64-debian-clang | 1.1 | 76.83 | 58.70 | 135.53 | OK | |
r-devel-linux-x86_64-debian-gcc | 1.1 | 55.53 | 45.40 | 100.93 | OK | |
r-devel-linux-x86_64-fedora-clang | 1.1 | 200.83 | OK | |||
r-devel-linux-x86_64-fedora-gcc | 1.1 | 254.81 | OK | |||
r-devel-windows-x86_64 | 1.1 | 67.00 | 94.00 | 161.00 | OK | |
r-patched-linux-x86_64 | 1.1 | 74.53 | 58.90 | 133.43 | OK | |
r-release-linux-x86_64 | 1.1 | 74.44 | 59.37 | 133.81 | OK | |
r-release-macos-arm64 | 1.1 | 63.00 | OK | |||
r-release-macos-x86_64 | 1.1 | 120.00 | OK | |||
r-release-windows-x86_64 | 1.1 | 67.00 | 132.00 | 199.00 | OK | |
r-oldrel-macos-arm64 | 1.1 | 54.00 | NOTE | |||
r-oldrel-macos-x86_64 | 1.1 | 86.00 | NOTE | |||
r-oldrel-windows-x86_64 | 1.1 | 82.00 | 115.00 | 197.00 | OK |
Version: 1.1
Check: installed package size
Result: NOTE
installed size is 20.8Mb
sub-directories of 1Mb or more:
libs 20.6Mb
Flavors: r-oldrel-macos-arm64, r-oldrel-macos-x86_64
These binaries (installable software) and packages are in development.
They may not be fully stable and should be used with caution. We make no claims about them.