Last updated on 2024-07-27 15:50:29 CEST.
Flavor | Version | Tinstall | Tcheck | Ttotal | Status | Flags |
---|---|---|---|---|---|---|
r-devel-linux-x86_64-debian-clang | 1.1 | 100.57 | 74.26 | 174.83 | OK | |
r-devel-linux-x86_64-debian-gcc | 1.1 | OK | ||||
r-devel-linux-x86_64-fedora-clang | 1.1 | 208.99 | OK | |||
r-devel-linux-x86_64-fedora-gcc | 1.1 | 261.59 | OK | |||
r-devel-windows-x86_64 | 1.1 | 63.00 | 92.00 | 155.00 | OK | |
r-patched-linux-x86_64 | 1.1 | OK | ||||
r-release-linux-x86_64 | 1.1 | 87.70 | 73.69 | 161.39 | OK | |
r-release-macos-arm64 | 1.1 | 54.00 | NOTE | |||
r-release-macos-x86_64 | 1.1 | 86.00 | NOTE | |||
r-release-windows-x86_64 | 1.1 | 69.00 | 92.00 | 161.00 | OK | |
r-oldrel-macos-arm64 | 1.1 | 74.00 | NOTE | |||
r-oldrel-macos-x86_64 | 1.1 | 122.00 | NOTE | |||
r-oldrel-windows-x86_64 | 1.1 | 82.00 | 109.00 | 191.00 | OK |
Version: 1.1
Check: installed package size
Result: NOTE
installed size is 20.8Mb
sub-directories of 1Mb or more:
libs 20.6Mb
Flavors: r-release-macos-arm64, r-release-macos-x86_64, r-oldrel-macos-arm64, r-oldrel-macos-x86_64
These binaries (installable software) and packages are in development.
They may not be fully stable and should be used with caution. We make no claims about them.