Last updated on 2025-02-19 16:51:00 CET.
Flavor | Version | Tinstall | Tcheck | Ttotal | Status | Flags |
---|---|---|---|---|---|---|
r-devel-linux-x86_64-debian-clang | 1.1 | 78.80 | 58.26 | 137.06 | OK | |
r-devel-linux-x86_64-debian-gcc | 1.1 | 55.94 | 45.18 | 101.12 | OK | |
r-devel-linux-x86_64-fedora-clang | 1.1 | 205.42 | OK | |||
r-devel-linux-x86_64-fedora-gcc | 1.1 | 243.77 | OK | |||
r-devel-macos-arm64 | 1.1 | 59.00 | OK | |||
r-devel-macos-x86_64 | 1.1 | 117.00 | OK | |||
r-devel-windows-x86_64 | 1.1 | 57.00 | 93.00 | 150.00 | OK | |
r-patched-linux-x86_64 | 1.1 | 74.94 | 57.38 | 132.32 | OK | |
r-release-linux-x86_64 | 1.1 | 76.71 | 57.19 | 133.90 | OK | |
r-release-macos-arm64 | 1.1 | 54.00 | NOTE | |||
r-release-macos-x86_64 | 1.1 | 86.00 | NOTE | |||
r-release-windows-x86_64 | 1.1 | 61.00 | 93.00 | 154.00 | OK | |
r-oldrel-macos-arm64 | 1.1 | 74.00 | NOTE | |||
r-oldrel-macos-x86_64 | 1.1 | 122.00 | NOTE | |||
r-oldrel-windows-x86_64 | 1.1 | 80.00 | 129.00 | 209.00 | OK |
Version: 1.1
Check: installed package size
Result: NOTE
installed size is 20.8Mb
sub-directories of 1Mb or more:
libs 20.6Mb
Flavors: r-release-macos-arm64, r-release-macos-x86_64, r-oldrel-macos-arm64, r-oldrel-macos-x86_64
These binaries (installable software) and packages are in development.
They may not be fully stable and should be used with caution. We make no claims about them.