Last updated on 2025-07-17 01:49:56 CEST.
Flavor | Version | Tinstall | Tcheck | Ttotal | Status | Flags |
---|---|---|---|---|---|---|
r-devel-linux-x86_64-debian-clang | 1.1 | 82.92 | 60.46 | 143.38 | OK | |
r-devel-linux-x86_64-debian-gcc | 1.1 | 58.20 | 47.49 | 105.69 | OK | |
r-devel-linux-x86_64-fedora-clang | 1.1 | 199.79 | OK | |||
r-devel-linux-x86_64-fedora-gcc | 1.1 | 233.81 | OK | |||
r-devel-windows-x86_64 | 1.1 | 63.00 | 93.00 | 156.00 | OK | |
r-patched-linux-x86_64 | 1.1 | 77.69 | 59.01 | 136.70 | OK | |
r-release-linux-x86_64 | 1.1 | 81.17 | 58.90 | 140.07 | OK | |
r-release-macos-arm64 | 1.1 | 63.00 | OK | |||
r-release-macos-x86_64 | 1.1 | 120.00 | OK | |||
r-release-windows-x86_64 | 1.1 | 67.00 | 93.00 | 160.00 | OK | |
r-oldrel-macos-arm64 | 1.1 | 54.00 | NOTE | |||
r-oldrel-macos-x86_64 | 1.1 | 86.00 | NOTE | |||
r-oldrel-windows-x86_64 | 1.1 | 82.00 | 113.00 | 195.00 | OK |
Version: 1.1
Check: installed package size
Result: NOTE
installed size is 20.8Mb
sub-directories of 1Mb or more:
libs 20.6Mb
Flavors: r-oldrel-macos-arm64, r-oldrel-macos-x86_64
These binaries (installable software) and packages are in development.
They may not be fully stable and should be used with caution. We make no claims about them.