Last updated on 2025-02-16 10:50:55 CET.
Flavor | Version | Tinstall | Tcheck | Ttotal | Status | Flags |
---|---|---|---|---|---|---|
r-devel-linux-x86_64-debian-clang | 0.3.2 | 25.38 | 75.60 | 100.98 | NOTE | |
r-devel-linux-x86_64-debian-gcc | 0.3.2 | 21.04 | 55.22 | 76.26 | NOTE | |
r-devel-linux-x86_64-fedora-clang | 0.3.2 | 183.21 | NOTE | |||
r-devel-linux-x86_64-fedora-gcc | 0.3.2 | 169.15 | NOTE | |||
r-devel-macos-arm64 | 0.3.2 | 47.00 | NOTE | |||
r-devel-macos-x86_64 | 0.3.2 | 96.00 | NOTE | |||
r-devel-windows-x86_64 | 0.3.2 | 32.00 | 104.00 | 136.00 | NOTE | |
r-patched-linux-x86_64 | 0.3.2 | 29.22 | 69.86 | 99.08 | NOTE | |
r-release-linux-x86_64 | 0.3.2 | 29.98 | 71.86 | 101.84 | NOTE | |
r-release-macos-arm64 | 0.3.2 | 48.00 | NOTE | |||
r-release-macos-x86_64 | 0.3.2 | 67.00 | NOTE | |||
r-release-windows-x86_64 | 0.3.2 | 32.00 | 104.00 | 136.00 | NOTE | |
r-oldrel-macos-arm64 | 0.3.2 | 53.00 | OK | |||
r-oldrel-macos-x86_64 | 0.3.2 | 89.00 | OK | |||
r-oldrel-windows-x86_64 | 0.3.2 | 40.00 | 126.00 | 166.00 | OK |
Version: 0.3.2
Check: Rd files
Result: NOTE
checkRd: (-1) proc.Rd:27: Lost braces in \itemize; meant \describe ?
checkRd: (-1) proc.Rd:28: Lost braces in \itemize; meant \describe ?
Flavors: r-devel-linux-x86_64-debian-clang, r-devel-linux-x86_64-debian-gcc, r-devel-linux-x86_64-fedora-clang, r-devel-linux-x86_64-fedora-gcc, r-devel-macos-arm64, r-devel-macos-x86_64, r-devel-windows-x86_64, r-patched-linux-x86_64, r-release-linux-x86_64, r-release-macos-arm64, r-release-macos-x86_64, r-release-windows-x86_64
These binaries (installable software) and packages are in development.
They may not be fully stable and should be used with caution. We make no claims about them.