CRAN Package Check Results for Package ProfileLadder

Last updated on 2025-10-23 23:49:40 CEST.

Flavor Version Tinstall Tcheck Ttotal Status Flags
r-devel-linux-x86_64-debian-clang 0.1.4 4.41 54.54 58.95 NOTE
r-devel-linux-x86_64-debian-gcc 0.2.1 3.32 38.86 42.18 OK
r-devel-linux-x86_64-fedora-clang 0.2.1 34.00 64.03 98.03 OK
r-devel-linux-x86_64-fedora-gcc 0.2.1 10.00 81.66 91.66 OK
r-devel-windows-x86_64 0.1.4 6.00 72.00 78.00 OK
r-patched-linux-x86_64 0.1.4 5.00 50.16 55.16 OK
r-release-linux-x86_64 0.1.4 4.28 50.60 54.88 OK
r-release-macos-arm64 0.2.1 2.00 26.00 28.00 OK
r-release-macos-x86_64 0.2.1 6.00 84.00 90.00 OK
r-release-windows-x86_64 0.1.4 7.00 71.00 78.00 OK
r-oldrel-macos-arm64 0.2.1 2.00 29.00 31.00 OK
r-oldrel-macos-x86_64 0.2.1 7.00 77.00 84.00 OK
r-oldrel-windows-x86_64 0.1.4 8.00 95.00 103.00 OK

Check Details

Version: 0.1.4
Check: HTML version of manual
Result: NOTE Found the following HTML validation problems: xNetSubscribe.html:53:1 (xNetSubscribe.Rd:13): Warning: missing </ul> before </div> Flavor: r-devel-linux-x86_64-debian-clang

These binaries (installable software) and packages are in development.
They may not be fully stable and should be used with caution. We make no claims about them.