Last updated on 2025-05-01 14:49:18 CEST.
Flavor | Version | Tinstall | Tcheck | Ttotal | Status | Flags |
---|---|---|---|---|---|---|
r-devel-linux-x86_64-debian-clang | 1.3 | 2.64 | 46.24 | 48.88 | NOTE | |
r-devel-linux-x86_64-debian-gcc | 1.3 | 1.70 | 35.08 | 36.78 | OK | |
r-devel-linux-x86_64-fedora-clang | 1.3 | 76.14 | OK | |||
r-devel-linux-x86_64-fedora-gcc | 1.3 | 72.44 | OK | |||
r-devel-windows-x86_64 | 1.3 | 4.00 | 67.00 | 71.00 | OK | |
r-patched-linux-x86_64 | 1.3 | 2.30 | 44.07 | 46.37 | OK | |
r-release-linux-x86_64 | OK | |||||
r-release-macos-arm64 | 1.3 | 29.00 | OK | |||
r-release-macos-x86_64 | 1.3 | 46.00 | OK | |||
r-release-windows-x86_64 | 1.3 | 4.00 | 71.00 | 75.00 | OK | |
r-oldrel-macos-arm64 | 1.3 | 23.00 | OK | |||
r-oldrel-macos-x86_64 | 1.3 | 57.00 | OK | |||
r-oldrel-windows-x86_64 | 1.3 | 4.00 | 74.00 | 78.00 | OK |
Version: 1.3
Check: examples
Result: NOTE
Examples with CPU (user + system) or elapsed time > 5s
user system elapsed
profilelike.gls 6.184 0.008 6.795
datapolr 4.772 0.004 6.039
profilelike.polr 4.531 0.004 5.965
Flavor: r-devel-linux-x86_64-debian-clang
Version: 1.3
Check: examples
Result: NA
user system elapsed
profilelike.gls 5.497 0.027 7.51
OK
Flavor: r-devel-linux-x86_64-debian-gcc
These binaries (installable software) and packages are in development.
They may not be fully stable and should be used with caution. We make no claims about them.