Last updated on 2025-10-03 13:49:43 CEST.
Flavor | Version | Tinstall | Tcheck | Ttotal | Status | Flags |
---|---|---|---|---|---|---|
r-devel-linux-x86_64-debian-clang | 1.0.0 | 2.93 | 30.34 | 33.27 | NOTE | |
r-devel-linux-x86_64-debian-gcc | 1.0.0 | 2.02 | 24.40 | 26.42 | NOTE | |
r-devel-linux-x86_64-fedora-clang | 1.0.0 | 49.18 | OK | |||
r-devel-linux-x86_64-fedora-gcc | 1.0.0 | 45.78 | OK | |||
r-devel-windows-x86_64 | 1.0.0 | 5.00 | 48.00 | 53.00 | OK | |
r-patched-linux-x86_64 | 1.0.0 | 3.03 | 26.81 | 29.84 | OK | |
r-release-linux-x86_64 | 1.0.0 | 2.56 | 27.60 | 30.16 | OK | |
r-release-macos-arm64 | 1.0.0 | 20.00 | OK | |||
r-release-macos-x86_64 | 1.0.0 | 39.00 | OK | |||
r-release-windows-x86_64 | 1.0.0 | 5.00 | 49.00 | 54.00 | OK | |
r-oldrel-macos-arm64 | 1.0.0 | 19.00 | OK | |||
r-oldrel-macos-x86_64 | 1.0.0 | 40.00 | OK | |||
r-oldrel-windows-x86_64 | 1.0.0 | 6.00 | 53.00 | 59.00 | OK |
Version: 1.0.0
Check: CRAN incoming feasibility
Result: NOTE
Maintainer: ‘Arthur Leroy <arthur.leroy.pro@gmail.com>’
The Description field contains
<arXiv:2307.08975>.
Please refer to arXiv e-prints via their arXiv DOI <doi:10.48550/arXiv.YYMM.NNNNN>.
Flavors: r-devel-linux-x86_64-debian-clang, r-devel-linux-x86_64-debian-gcc
These binaries (installable software) and packages are in development.
They may not be fully stable and should be used with caution. We make no claims about them.