Last updated on 2025-02-23 13:51:21 CET.
Flavor | Version | Tinstall | Tcheck | Ttotal | Status | Flags |
---|---|---|---|---|---|---|
r-devel-linux-x86_64-debian-clang | 2023.01.17 | 13.58 | 127.03 | 140.61 | NOTE | |
r-devel-linux-x86_64-debian-gcc | 2023.01.17 | 9.29 | 87.24 | 96.53 | NOTE | |
r-devel-linux-x86_64-fedora-clang | 2023.01.17 | 220.91 | OK | |||
r-devel-linux-x86_64-fedora-gcc | 2023.01.17 | 213.55 | OK | |||
r-devel-macos-arm64 | 2023.01.17 | 62.00 | OK | |||
r-devel-macos-x86_64 | 2023.01.17 | 128.00 | OK | |||
r-devel-windows-x86_64 | 2023.01.17 | 14.00 | 136.00 | 150.00 | NOTE | |
r-patched-linux-x86_64 | 2023.01.17 | 15.75 | 114.78 | 130.53 | OK | |
r-release-linux-x86_64 | 2023.01.17 | 10.97 | 114.68 | 125.65 | OK | |
r-release-macos-arm64 | 2023.01.17 | 54.00 | OK | |||
r-release-macos-x86_64 | 2023.01.17 | 93.00 | OK | |||
r-release-windows-x86_64 | 2023.01.17 | 13.00 | 134.00 | 147.00 | OK | |
r-oldrel-macos-arm64 | 2023.01.17 | 59.00 | OK | |||
r-oldrel-macos-x86_64 | 2023.01.17 | 108.00 | OK | |||
r-oldrel-windows-x86_64 | 2023.01.17 | 17.00 | 198.00 | 215.00 | OK |
Version: 2023.01.17
Check: Rd cross-references
Result: NOTE
Found the following Rd file(s) with Rd \link{} targets missing package
anchors:
followupTable.Rd: anova.coxph
specialFrame.Rd: model.design, strata, strip.terms
stripes.Rd: plot.prodlim
Please provide package anchors for all Rd \link{} targets not in the
package itself and the base packages.
Flavors: r-devel-linux-x86_64-debian-clang, r-devel-linux-x86_64-debian-gcc, r-devel-windows-x86_64
These binaries (installable software) and packages are in development.
They may not be fully stable and should be used with caution. We make no claims about them.