CRAN Package Check Results for Package PupillometryR

Last updated on 2025-05-08 04:52:15 CEST.

Flavor Version Tinstall Tcheck Ttotal Status Flags
r-devel-linux-x86_64-debian-clang 0.0.5 8.11 121.17 129.28 OK
r-devel-linux-x86_64-debian-gcc 0.0.5 5.41 81.87 87.28 OK
r-devel-linux-x86_64-fedora-clang 0.0.5 191.65 NOTE
r-devel-linux-x86_64-fedora-gcc 0.0.5 208.94 NOTE
r-devel-windows-x86_64 0.0.5 9.00 133.00 142.00 OK
r-patched-linux-x86_64 0.0.5 6.48 113.71 120.19 OK
r-release-linux-x86_64 0.0.5 7.40 113.26 120.66 OK
r-release-macos-arm64 0.0.5 61.00 OK
r-release-macos-x86_64 0.0.5 113.00 OK
r-release-windows-x86_64 0.0.5 9.00 134.00 143.00 OK
r-oldrel-macos-arm64 0.0.5 58.00 OK
r-oldrel-macos-x86_64 0.0.5 90.00 OK
r-oldrel-windows-x86_64 0.0.5 12.00 170.00 182.00 OK

Check Details

Version: 0.0.5
Check: dependencies in R code
Result: NOTE Namespaces in Imports field not imported from: ‘itsadug’ ‘mgcv’ All declared Imports should be used. Flavors: r-devel-linux-x86_64-fedora-clang, r-devel-linux-x86_64-fedora-gcc

These binaries (installable software) and packages are in development.
They may not be fully stable and should be used with caution. We make no claims about them.