Last updated on 2025-02-16 10:50:55 CET.
Flavor | Version | Tinstall | Tcheck | Ttotal | Status | Flags |
---|---|---|---|---|---|---|
r-devel-linux-x86_64-debian-clang | 0.0.5 | 7.17 | 115.07 | 122.24 | OK | |
r-devel-linux-x86_64-debian-gcc | 0.0.5 | 3.68 | 77.89 | 81.57 | OK | |
r-devel-linux-x86_64-fedora-clang | 0.0.5 | 212.78 | NOTE | |||
r-devel-linux-x86_64-fedora-gcc | 0.0.5 | 197.54 | NOTE | |||
r-devel-macos-arm64 | 0.0.5 | 70.00 | OK | |||
r-devel-macos-x86_64 | 0.0.5 | 113.00 | OK | |||
r-devel-windows-x86_64 | 0.0.5 | 7.00 | 131.00 | 138.00 | OK | |
r-patched-linux-x86_64 | 0.0.5 | 6.88 | 107.12 | 114.00 | OK | |
r-release-linux-x86_64 | 0.0.5 | 4.22 | 106.59 | 110.81 | OK | |
r-release-macos-arm64 | 0.0.5 | 58.00 | OK | |||
r-release-macos-x86_64 | 0.0.5 | 90.00 | OK | |||
r-release-windows-x86_64 | 0.0.5 | 8.00 | 131.00 | 139.00 | OK | |
r-oldrel-macos-arm64 | 0.0.5 | 63.00 | OK | |||
r-oldrel-macos-x86_64 | 0.0.5 | 176.00 | OK | |||
r-oldrel-windows-x86_64 | 0.0.5 | 10.00 | 156.00 | 166.00 | OK |
Version: 0.0.5
Check: dependencies in R code
Result: NOTE
Namespaces in Imports field not imported from:
‘itsadug’ ‘mgcv’
All declared Imports should be used.
Flavors: r-devel-linux-x86_64-fedora-clang, r-devel-linux-x86_64-fedora-gcc
These binaries (installable software) and packages are in development.
They may not be fully stable and should be used with caution. We make no claims about them.