Last updated on 2025-10-03 11:50:56 CEST.
Flavor | Version | Tinstall | Tcheck | Ttotal | Status | Flags |
---|---|---|---|---|---|---|
r-devel-linux-x86_64-debian-clang | 0.1.7 | 2.82 | 30.57 | 33.39 | OK | |
r-devel-linux-x86_64-debian-gcc | 0.1.7 | 1.92 | 24.09 | 26.01 | OK | |
r-devel-linux-x86_64-fedora-clang | 0.1.7 | 53.40 | OK | |||
r-devel-linux-x86_64-fedora-gcc | 0.1.7 | 63.47 | OK | |||
r-devel-windows-x86_64 | 0.1.7 | 4.00 | 49.00 | 53.00 | OK | |
r-patched-linux-x86_64 | 0.1.7 | 2.81 | 29.25 | 32.06 | OK | |
r-release-linux-x86_64 | 0.1.7 | 2.51 | 29.15 | 31.66 | OK | |
r-release-macos-arm64 | 0.1.7 | 33.00 | OK | |||
r-release-macos-x86_64 | 0.1.7 | 89.00 | OK | |||
r-release-windows-x86_64 | 0.1.7 | 4.00 | 49.00 | 53.00 | OK | |
r-oldrel-macos-arm64 | 0.1.7 | 22.00 | NOTE | |||
r-oldrel-macos-x86_64 | 0.1.7 | 36.00 | NOTE | |||
r-oldrel-windows-x86_64 | 0.1.7 | 6.00 | 55.00 | 61.00 | NOTE |
Version: 0.1.7
Check: LazyData
Result: NOTE
'LazyData' is specified without a 'data' directory
Flavors: r-oldrel-macos-arm64, r-oldrel-macos-x86_64, r-oldrel-windows-x86_64
These binaries (installable software) and packages are in development.
They may not be fully stable and should be used with caution. We make no claims about them.