CRAN Package Check Results for Package QAIG

Last updated on 2025-05-08 04:52:15 CEST.

Flavor Version Tinstall Tcheck Ttotal Status Flags
r-devel-linux-x86_64-debian-clang 0.1.7 2.81 28.76 31.57 OK
r-devel-linux-x86_64-debian-gcc 0.1.7 2.16 23.12 25.28 OK
r-devel-linux-x86_64-fedora-clang 0.1.7 50.27 OK
r-devel-linux-x86_64-fedora-gcc 0.1.7 62.65 OK
r-devel-windows-x86_64 0.1.7 4.00 49.00 53.00 OK
r-patched-linux-x86_64 0.1.7 2.79 27.76 30.55 OK
r-release-linux-x86_64 0.1.7 1.96 28.09 30.05 OK
r-release-macos-arm64 0.1.7 33.00 OK
r-release-macos-x86_64 0.1.7 89.00 OK
r-release-windows-x86_64 0.1.7 4.00 51.00 55.00 OK
r-oldrel-macos-arm64 0.1.7 22.00 NOTE
r-oldrel-macos-x86_64 0.1.7 36.00 NOTE
r-oldrel-windows-x86_64 0.1.7 9.00 54.00 63.00 NOTE

Check Details

Version: 0.1.7
Check: LazyData
Result: NOTE 'LazyData' is specified without a 'data' directory Flavors: r-oldrel-macos-arm64, r-oldrel-macos-x86_64, r-oldrel-windows-x86_64

These binaries (installable software) and packages are in development.
They may not be fully stable and should be used with caution. We make no claims about them.