Last updated on 2025-11-02 23:49:48 CET.
| Flavor | Version | Tinstall | Tcheck | Ttotal | Status | Flags |
|---|---|---|---|---|---|---|
| r-devel-linux-x86_64-debian-clang | 3.23 | 21.74 | 107.35 | 129.09 | NOTE | |
| r-devel-linux-x86_64-debian-gcc | 3.23 | 15.04 | 66.08 | 81.12 | NOTE | |
| r-devel-linux-x86_64-fedora-clang | 3.23 | 102.00 | 118.25 | 220.25 | NOTE | |
| r-devel-linux-x86_64-fedora-gcc | 3.23 | 96.00 | 119.58 | 215.58 | NOTE | |
| r-devel-windows-x86_64 | 3.23 | 33.00 | 121.00 | 154.00 | OK | |
| r-patched-linux-x86_64 | 3.23 | 24.05 | 102.58 | 126.63 | OK | |
| r-release-linux-x86_64 | 3.23 | 21.53 | 101.61 | 123.14 | OK | |
| r-release-macos-arm64 | 3.23 | 12.00 | 48.00 | 60.00 | OK | |
| r-release-macos-x86_64 | 3.23 | 22.00 | 95.00 | 117.00 | OK | |
| r-release-windows-x86_64 | 3.23 | 35.00 | 119.00 | 154.00 | OK | |
| r-oldrel-macos-arm64 | 3.23 | 9.00 | 46.00 | 55.00 | NOTE | |
| r-oldrel-macos-x86_64 | 3.23 | 20.00 | 84.00 | 104.00 | NOTE | |
| r-oldrel-windows-x86_64 | 3.23 | 42.00 | 149.00 | 191.00 | NOTE |
Version: 3.23
Check: Rd files
Result: NOTE
checkRd: (-1) truthTable.Rd:92-99: Only 2 columns allowed in this table (row 3 has 1)
checkRd: (-1) truthTable.Rd:108-115: Only 2 columns allowed in this table (row 3 has 1)
checkRd: (-1) truthTable.Rd:108-115: Only 2 columns allowed in this table (row 5 has 1)
checkRd: (-1) truthTable.Rd:148-156: Only 2 columns allowed in this table (row 2 has 1)
checkRd: (-1) truthTable.Rd:148-156: Only 2 columns allowed in this table (row 5 has 1)
Flavors: r-devel-linux-x86_64-debian-clang, r-devel-linux-x86_64-debian-gcc, r-devel-linux-x86_64-fedora-clang, r-devel-linux-x86_64-fedora-gcc
Version: 3.23
Check: installed package size
Result: NOTE
installed size is 5.9Mb
sub-directories of 1Mb or more:
gui 1.6Mb
staticdocs 3.3Mb
Flavors: r-oldrel-macos-arm64, r-oldrel-macos-x86_64, r-oldrel-windows-x86_64
These binaries (installable software) and packages are in development.
They may not be fully stable and should be used with caution. We make no claims about them.