Last updated on 2025-07-02 03:50:49 CEST.
Flavor | Version | Tinstall | Tcheck | Ttotal | Status | Flags |
---|---|---|---|---|---|---|
r-devel-linux-x86_64-debian-clang | 3.23 | 20.86 | 106.99 | 127.85 | OK | |
r-devel-linux-x86_64-debian-gcc | 3.23 | 14.37 | 66.17 | 80.54 | OK | |
r-devel-linux-x86_64-fedora-clang | 3.23 | 196.39 | OK | |||
r-devel-linux-x86_64-fedora-gcc | 3.23 | 208.24 | OK | |||
r-devel-windows-x86_64 | 3.23 | 31.00 | 120.00 | 151.00 | OK | |
r-patched-linux-x86_64 | OK | |||||
r-release-linux-x86_64 | 3.23 | 23.68 | 99.84 | 123.52 | OK | |
r-release-macos-arm64 | 3.23 | 60.00 | OK | |||
r-release-macos-x86_64 | 3.23 | 117.00 | OK | |||
r-release-windows-x86_64 | 3.23 | 33.00 | 120.00 | 153.00 | OK | |
r-oldrel-macos-arm64 | 3.23 | 55.00 | NOTE | |||
r-oldrel-macos-x86_64 | 3.23 | 104.00 | NOTE | |||
r-oldrel-windows-x86_64 | 3.23 | 39.00 | 149.00 | 188.00 | NOTE |
Version: 3.23
Check: installed package size
Result: NOTE
installed size is 5.9Mb
sub-directories of 1Mb or more:
gui 1.6Mb
staticdocs 3.3Mb
Flavors: r-oldrel-macos-arm64, r-oldrel-macos-x86_64, r-oldrel-windows-x86_64
These binaries (installable software) and packages are in development.
They may not be fully stable and should be used with caution. We make no claims about them.