Last updated on 2025-02-02 16:49:18 CET.
Flavor | Version | Tinstall | Tcheck | Ttotal | Status | Flags |
---|---|---|---|---|---|---|
r-devel-linux-x86_64-debian-clang | 3.23 | 25.04 | 105.99 | 131.03 | OK | |
r-devel-linux-x86_64-debian-gcc | 3.23 | 15.20 | 64.11 | 79.31 | OK | |
r-devel-linux-x86_64-fedora-clang | 3.23 | 227.53 | OK | |||
r-devel-linux-x86_64-fedora-gcc | 3.23 | 200.73 | OK | |||
r-devel-windows-x86_64 | 3.23 | 30.00 | 129.00 | 159.00 | OK | |
r-patched-linux-x86_64 | 3.23 | 23.13 | 100.52 | 123.65 | OK | |
r-release-linux-x86_64 | 3.23 | 22.16 | 99.72 | 121.88 | OK | |
r-release-macos-arm64 | 3.23 | 55.00 | NOTE | |||
r-release-macos-x86_64 | 3.23 | 104.00 | NOTE | |||
r-release-windows-x86_64 | 3.23 | 33.00 | 122.00 | 155.00 | NOTE | |
r-oldrel-macos-arm64 | 3.23 | 56.00 | NOTE | |||
r-oldrel-macos-x86_64 | 3.23 | 117.00 | NOTE | |||
r-oldrel-windows-x86_64 | 3.23 | 39.00 | 149.00 | 188.00 | NOTE |
Version: 3.23
Check: installed package size
Result: NOTE
installed size is 5.9Mb
sub-directories of 1Mb or more:
gui 1.6Mb
staticdocs 3.3Mb
Flavors: r-release-macos-arm64, r-release-macos-x86_64, r-release-windows-x86_64, r-oldrel-macos-arm64, r-oldrel-macos-x86_64, r-oldrel-windows-x86_64
These binaries (installable software) and packages are in development.
They may not be fully stable and should be used with caution. We make no claims about them.