Last updated on 2025-05-07 15:49:26 CEST.
Flavor | Version | Tinstall | Tcheck | Ttotal | Status | Flags |
---|---|---|---|---|---|---|
r-devel-linux-x86_64-debian-clang | 0.2.3 | 6.40 | 50.95 | 57.35 | NOTE | |
r-devel-linux-x86_64-debian-gcc | 0.2.3 | 4.47 | 37.47 | 41.94 | NOTE | |
r-devel-linux-x86_64-fedora-clang | 0.2.3 | 81.24 | OK | |||
r-devel-linux-x86_64-fedora-gcc | 0.2.3 | 85.11 | OK | |||
r-devel-windows-x86_64 | 0.2.3 | 8.00 | 66.00 | 74.00 | OK | |
r-patched-linux-x86_64 | 0.2.3 | 6.14 | 47.02 | 53.16 | OK | |
r-release-linux-x86_64 | 0.2.3 | 5.89 | 47.70 | 53.59 | OK | |
r-release-macos-arm64 | 0.2.3 | 28.00 | OK | |||
r-release-macos-x86_64 | 0.2.3 | 55.00 | OK | |||
r-release-windows-x86_64 | 0.2.3 | 9.00 | 65.00 | 74.00 | OK | |
r-oldrel-macos-arm64 | 0.2.3 | 28.00 | NOTE | |||
r-oldrel-macos-x86_64 | 0.2.3 | 39.00 | NOTE | |||
r-oldrel-windows-x86_64 | 0.2.3 | 11.00 | 78.00 | 89.00 | NOTE |
Version: 0.2.3
Check: CRAN incoming feasibility
Result: NOTE
Maintainer: ‘Jirka Lewandowski <jirka.lewandowski@wzb.eu>’
No Authors@R field in DESCRIPTION.
Please add one, modifying
Authors@R: person(given = "Jirka",
family = "Lewandowski",
role = c("aut", "cre"),
email = "jirka.lewandowski@wzb.eu")
as necessary.
Flavors: r-devel-linux-x86_64-debian-clang, r-devel-linux-x86_64-debian-gcc
Version: 0.2.3
Check: LazyData
Result: NOTE
'LazyData' is specified without a 'data' directory
Flavors: r-oldrel-macos-arm64, r-oldrel-macos-x86_64, r-oldrel-windows-x86_64
These binaries (installable software) and packages are in development.
They may not be fully stable and should be used with caution. We make no claims about them.