Last updated on 2025-05-07 15:49:26 CEST.
Flavor | Version | Tinstall | Tcheck | Ttotal | Status | Flags |
---|---|---|---|---|---|---|
r-devel-linux-x86_64-debian-clang | 0.0.1 | 5.89 | 52.27 | 58.16 | NOTE | |
r-devel-linux-x86_64-debian-gcc | 0.0.1 | 3.90 | 37.91 | 41.81 | NOTE | |
r-devel-linux-x86_64-fedora-clang | 0.0.1 | 81.25 | OK | |||
r-devel-linux-x86_64-fedora-gcc | 0.0.1 | 85.75 | OK | |||
r-devel-windows-x86_64 | 0.0.1 | 8.00 | 80.00 | 88.00 | OK | |
r-patched-linux-x86_64 | 0.0.1 | 7.23 | 48.55 | 55.78 | OK | |
r-release-linux-x86_64 | 0.0.1 | 5.63 | 48.81 | 54.44 | OK | |
r-release-macos-arm64 | 0.0.1 | 28.00 | OK | |||
r-release-macos-x86_64 | 0.0.1 | 54.00 | OK | |||
r-release-windows-x86_64 | 0.0.1 | 8.00 | 81.00 | 89.00 | OK | |
r-oldrel-macos-arm64 | 0.0.1 | 27.00 | NOTE | |||
r-oldrel-macos-x86_64 | 0.0.1 | 40.00 | NOTE | |||
r-oldrel-windows-x86_64 | 0.0.1 | 11.00 | 90.00 | 101.00 | NOTE |
Version: 0.0.1
Check: CRAN incoming feasibility
Result: NOTE
Maintainer: ‘Tinniam V Ganesh<tvganesh.85@gmail.com>’
No Authors@R field in DESCRIPTION.
Please add one, modifying
Authors@R: person(given = c("Tinniam", "V"),
family = "Ganesh",
role = c("aut", "cre"),
email = "tvganesh.85@gmail.com")
as necessary.
Flavors: r-devel-linux-x86_64-debian-clang, r-devel-linux-x86_64-debian-gcc
Version: 0.0.1
Check: LazyData
Result: NOTE
'LazyData' is specified without a 'data' directory
Flavors: r-oldrel-macos-arm64, r-oldrel-macos-x86_64, r-oldrel-windows-x86_64
These binaries (installable software) and packages are in development.
They may not be fully stable and should be used with caution. We make no claims about them.