Last updated on 2025-05-03 22:50:05 CEST.
Flavor | Version | Tinstall | Tcheck | Ttotal | Status | Flags |
---|---|---|---|---|---|---|
r-devel-linux-x86_64-debian-clang | 3.0 | 2.03 | 28.75 | 30.78 | NOTE | |
r-devel-linux-x86_64-debian-gcc | 3.0 | 1.58 | 21.49 | 23.07 | NOTE | |
r-devel-linux-x86_64-fedora-clang | 3.0 | 46.88 | OK | |||
r-devel-linux-x86_64-fedora-gcc | 3.0 | 44.63 | OK | |||
r-devel-windows-x86_64 | 3.0 | 3.00 | 46.00 | 49.00 | OK | |
r-patched-linux-x86_64 | 3.0 | 2.07 | 27.27 | 29.34 | OK | |
r-release-linux-x86_64 | OK | |||||
r-release-macos-arm64 | 3.0 | 24.00 | OK | |||
r-release-macos-x86_64 | 3.0 | 31.00 | OK | |||
r-release-windows-x86_64 | 3.0 | 5.00 | 47.00 | 52.00 | OK | |
r-oldrel-macos-arm64 | 3.0 | 19.00 | OK | |||
r-oldrel-macos-x86_64 | 3.0 | 27.00 | OK | |||
r-oldrel-windows-x86_64 | 3.0 | 3.00 | 46.00 | 49.00 | OK |
Version: 3.0
Check: CRAN incoming feasibility
Result: NOTE
Maintainer: ‘David Jungreis <dbjungreis@gmail.com>’
No Authors@R field in DESCRIPTION.
Please add one, modifying
Authors@R: c(person(given = "David",
family = "Jungreis",
role = c("aut", "cre"),
email = "dbjungreis@gmail.com"),
person(given = "Subhadeep",
family = "Mukhopadhyay",
role = "aut"))
as necessary.
Flavors: r-devel-linux-x86_64-debian-clang, r-devel-linux-x86_64-debian-gcc
These binaries (installable software) and packages are in development.
They may not be fully stable and should be used with caution. We make no claims about them.