Last updated on 2025-11-11 15:50:43 CET.
| Flavor | Version | Tinstall | Tcheck | Ttotal | Status | Flags |
|---|---|---|---|---|---|---|
| r-devel-linux-x86_64-debian-clang | 3.0 | 1.95 | 29.96 | 31.91 | NOTE | |
| r-devel-linux-x86_64-debian-gcc | 3.0 | 1.60 | 22.38 | 23.98 | NOTE | |
| r-devel-linux-x86_64-fedora-clang | 3.0 | 47.90 | OK | |||
| r-devel-linux-x86_64-fedora-gcc | 3.0 | 46.57 | OK | |||
| r-devel-windows-x86_64 | 3.0 | 2.00 | 47.00 | 49.00 | OK | |
| r-patched-linux-x86_64 | 3.0 | 2.15 | 28.77 | 30.92 | OK | |
| r-release-linux-x86_64 | 3.0 | 1.80 | 28.71 | 30.51 | OK | |
| r-release-macos-arm64 | 3.0 | 1.00 | 23.00 | 24.00 | OK | |
| r-release-macos-x86_64 | 3.0 | 2.00 | 29.00 | 31.00 | OK | |
| r-release-windows-x86_64 | 3.0 | 2.00 | 45.00 | 47.00 | OK | |
| r-oldrel-macos-arm64 | 3.0 | 1.00 | 18.00 | 19.00 | OK | |
| r-oldrel-macos-x86_64 | 3.0 | 1.00 | 26.00 | 27.00 | OK | |
| r-oldrel-windows-x86_64 | 3.0 | 3.00 | 46.00 | 49.00 | OK |
Version: 3.0
Check: CRAN incoming feasibility
Result: NOTE
Maintainer: ‘David Jungreis <dbjungreis@gmail.com>’
No Authors@R field in DESCRIPTION.
Please add one, modifying
Authors@R: c(person(given = "David",
family = "Jungreis",
role = c("aut", "cre"),
email = "dbjungreis@gmail.com"),
person(given = "Subhadeep",
family = "Mukhopadhyay",
role = "aut"))
as necessary.
Flavors: r-devel-linux-x86_64-debian-clang, r-devel-linux-x86_64-debian-gcc
These binaries (installable software) and packages are in development.
They may not be fully stable and should be used with caution. We make no claims about them.