Last updated on 2025-02-16 10:50:55 CET.
Flavor | Version | Tinstall | Tcheck | Ttotal | Status | Flags |
---|---|---|---|---|---|---|
r-devel-linux-x86_64-debian-clang | 1.0-2 | 48.71 | 105.85 | 154.56 | OK | |
r-devel-linux-x86_64-debian-gcc | 1.0-2 | 43.58 | 77.76 | 121.34 | OK | |
r-devel-linux-x86_64-fedora-clang | 1.0-2 | 253.42 | OK | |||
r-devel-linux-x86_64-fedora-gcc | 1.0-2 | 242.75 | OK | |||
r-devel-macos-arm64 | 1.0-2 | 89.00 | OK | |||
r-devel-macos-x86_64 | 1.0-2 | 190.00 | OK | |||
r-devel-windows-x86_64 | 1.0-2 | 49.00 | 116.00 | 165.00 | OK | |
r-patched-linux-x86_64 | 1.0-2 | 51.62 | 105.33 | 156.95 | OK | |
r-release-linux-x86_64 | 1.0-2 | 50.66 | 107.76 | 158.42 | OK | |
r-release-macos-arm64 | 1.0-2 | 86.00 | NOTE | |||
r-release-macos-x86_64 | 1.0-2 | 160.00 | NOTE | |||
r-release-windows-x86_64 | 1.0-2 | 46.00 | 118.00 | 164.00 | OK | |
r-oldrel-macos-arm64 | 1.0-2 | 100.00 | NOTE | |||
r-oldrel-macos-x86_64 | 1.0-2 | 144.00 | NOTE | |||
r-oldrel-windows-x86_64 | 1.0-2 | 46.00 | 144.00 | 190.00 | OK |
Version: 1.0-2
Check: installed package size
Result: NOTE
installed size is 5.4Mb
sub-directories of 1Mb or more:
R 5.2Mb
Flavors: r-release-macos-arm64, r-release-macos-x86_64, r-oldrel-macos-arm64, r-oldrel-macos-x86_64
These binaries (installable software) and packages are in development.
They may not be fully stable and should be used with caution. We make no claims about them.