Last updated on 2025-11-13 21:50:05 CET.
| Flavor | Version | Tinstall | Tcheck | Ttotal | Status | Flags |
|---|---|---|---|---|---|---|
| r-devel-linux-x86_64-debian-clang | 1.0-2 | 51.16 | 114.61 | 165.77 | OK | |
| r-devel-linux-x86_64-debian-gcc | 1.0-2 | 43.47 | 81.20 | 124.67 | OK | |
| r-devel-linux-x86_64-fedora-clang | 1.0-2 | 102.00 | 149.29 | 251.29 | OK | |
| r-devel-linux-x86_64-fedora-gcc | 1.0-2 | 93.00 | 140.27 | 233.27 | OK | |
| r-devel-windows-x86_64 | 1.0-2 | 44.00 | 115.00 | 159.00 | OK | |
| r-patched-linux-x86_64 | 1.0-2 | 50.53 | 109.66 | 160.19 | OK | |
| r-release-linux-x86_64 | 1.0-2 | 49.63 | 105.90 | 155.53 | OK | |
| r-release-macos-arm64 | 1.0-2 | 29.00 | 64.00 | 93.00 | OK | |
| r-release-macos-x86_64 | 1.0-2 | 74.00 | 115.00 | 189.00 | OK | |
| r-release-windows-x86_64 | 1.0-2 | 45.00 | 114.00 | 159.00 | OK | |
| r-oldrel-macos-arm64 | 1.0-2 | 29.00 | 57.00 | 86.00 | NOTE | |
| r-oldrel-macos-x86_64 | 1.0-2 | 44.00 | 116.00 | 160.00 | NOTE | |
| r-oldrel-windows-x86_64 | 1.0-2 | 46.00 | 118.00 | 164.00 | OK |
Version: 1.0-2
Check: installed package size
Result: NOTE
installed size is 5.4Mb
sub-directories of 1Mb or more:
R 5.2Mb
Flavors: r-oldrel-macos-arm64, r-oldrel-macos-x86_64
These binaries (installable software) and packages are in development.
They may not be fully stable and should be used with caution. We make no claims about them.